Last updated on 2024-06-30 00:59:17 CEST.
Flavor | Version | Tinstall | Tcheck | Ttotal | Status | Flags |
---|---|---|---|---|---|---|
r-devel-linux-x86_64-debian-clang | 1.0.0 | 150.26 | 39.99 | 190.25 | NOTE | |
r-devel-linux-x86_64-debian-gcc | 1.0.0 | 96.43 | 30.91 | 127.34 | NOTE | |
r-devel-linux-x86_64-fedora-clang | 1.0.0 | 304.18 | NOTE | |||
r-devel-linux-x86_64-fedora-gcc | 1.0.0 | 314.23 | NOTE | |||
r-devel-windows-x86_64 | 1.0.0 | 126.00 | 70.00 | 196.00 | NOTE | |
r-patched-linux-x86_64 | 1.0.0 | 135.44 | 38.65 | 174.09 | NOTE | |
r-release-linux-x86_64 | 1.0.0 | 96.48 | 39.17 | 135.65 | NOTE | |
r-release-macos-arm64 | 1.0.0 | 63.00 | NOTE | |||
r-release-macos-x86_64 | 1.0.0 | 83.00 | NOTE | |||
r-release-windows-x86_64 | 1.0.0 | 126.00 | 75.00 | 201.00 | NOTE | |
r-oldrel-macos-arm64 | 1.0.0 | 61.00 | OK | |||
r-oldrel-macos-x86_64 | 1.0.0 | 71.00 | OK | |||
r-oldrel-windows-x86_64 | 1.0.0 | 153.00 | 84.00 | 237.00 | OK |
Version: 1.0.0
Check: Rd files
Result: NOTE
checkRd: (-1) lit.Rd:21: Lost braces in \itemize; \value handles \item{}{} directly
checkRd: (-1) lit.Rd:22: Lost braces in \itemize; \value handles \item{}{} directly
checkRd: (-1) lit.Rd:23: Lost braces in \itemize; \value handles \item{}{} directly
checkRd: (-1) lit_plink.Rd:23: Lost braces in \itemize; \value handles \item{}{} directly
checkRd: (-1) lit_plink.Rd:24: Lost braces in \itemize; \value handles \item{}{} directly
checkRd: (-1) lit_plink.Rd:25: Lost braces in \itemize; \value handles \item{}{} directly
Flavors: r-devel-linux-x86_64-debian-clang, r-devel-linux-x86_64-debian-gcc, r-devel-linux-x86_64-fedora-clang, r-devel-linux-x86_64-fedora-gcc, r-devel-windows-x86_64, r-patched-linux-x86_64, r-release-linux-x86_64, r-release-macos-arm64, r-release-macos-x86_64, r-release-windows-x86_64