Last updated on 2024-06-30 00:59:18 CEST.
Flavor | Version | Tinstall | Tcheck | Ttotal | Status | Flags |
---|---|---|---|---|---|---|
r-devel-linux-x86_64-debian-clang | 2.2.2 | 9.40 | 344.60 | 354.00 | NOTE | |
r-devel-linux-x86_64-debian-gcc | 2.2.2 | 6.64 | 288.20 | 294.84 | NOTE | |
r-devel-linux-x86_64-fedora-clang | 2.2.2 | 461.27 | NOTE | |||
r-devel-linux-x86_64-fedora-gcc | 2.2.2 | 477.72 | NOTE | |||
r-devel-windows-x86_64 | 2.2.2 | 9.00 | 355.00 | 364.00 | NOTE | |
r-patched-linux-x86_64 | 2.2.2 | 9.11 | 376.99 | 386.10 | NOTE | |
r-release-linux-x86_64 | 2.2.2 | 7.69 | 370.96 | 378.65 | NOTE | |
r-release-macos-arm64 | 2.2.2 | 153.00 | NOTE | |||
r-release-macos-x86_64 | 2.2.2 | 310.00 | NOTE | |||
r-release-windows-x86_64 | 2.2.2 | 8.00 | 359.00 | 367.00 | NOTE | |
r-oldrel-macos-arm64 | 2.2.2 | 170.00 | OK | |||
r-oldrel-macos-x86_64 | 2.2.2 | 345.00 | OK | |||
r-oldrel-windows-x86_64 | 2.2.2 | 10.00 | 408.00 | 418.00 | OK |
Version: 2.2.2
Check: Rd files
Result: NOTE
checkRd: (-1) qut.Rd:16: Lost braces; missing escapes or markup?
16 | \item{q}{A number between \code{0} and \code{1}. The quantile of the distribution of $lambda_{QUT}$ to take.}
| ^
checkRd: (-1) qut.Rd:25: Lost braces; missing escapes or markup?
25 | the value of $lambda_{QUT}$ to use in LoRI.
| ^
Flavors: r-devel-linux-x86_64-debian-clang, r-devel-linux-x86_64-debian-gcc, r-devel-linux-x86_64-fedora-clang, r-devel-linux-x86_64-fedora-gcc, r-devel-windows-x86_64, r-patched-linux-x86_64, r-release-linux-x86_64, r-release-macos-arm64, r-release-macos-x86_64, r-release-windows-x86_64