Last updated on 2024-06-30 00:59:18 CEST.
Flavor | Version | Tinstall | Tcheck | Ttotal | Status | Flags |
---|---|---|---|---|---|---|
r-devel-linux-x86_64-debian-clang | 1.0.1 | 4.73 | 39.80 | 44.53 | OK | |
r-devel-linux-x86_64-debian-gcc | 1.0.1 | 3.22 | 31.05 | 34.27 | OK | |
r-devel-linux-x86_64-fedora-clang | 1.0.1 | 58.24 | NOTE | |||
r-devel-linux-x86_64-fedora-gcc | 1.0.1 | 53.07 | OK | |||
r-devel-windows-x86_64 | 1.0.1 | 5.00 | 51.00 | 56.00 | OK | |
r-patched-linux-x86_64 | 1.0.1 | 8.36 | 39.38 | 47.74 | OK | |
r-release-linux-x86_64 | 1.0.1 | 3.19 | 39.49 | 42.68 | OK | |
r-release-macos-arm64 | 1.0.1 | 22.00 | OK | |||
r-release-macos-x86_64 | 1.0.1 | 30.00 | OK | |||
r-release-windows-x86_64 | 1.0.1 | 5.00 | 53.00 | 58.00 | OK | |
r-oldrel-macos-arm64 | 1.0.1 | 23.00 | OK | |||
r-oldrel-macos-x86_64 | 1.0.1 | 52.00 | OK | |||
r-oldrel-windows-x86_64 | 1.0.1 | 6.00 | 57.00 | 63.00 | OK |
Version: 1.0.1
Check: Rd cross-references
Result: NOTE
Undeclared package ‘forecastLSW’ in Rd xrefs
Flavor: r-devel-linux-x86_64-fedora-clang