Last updated on 2024-06-16 11:57:59 CEST.
Flavor | Version | Tinstall | Tcheck | Ttotal | Status | Flags |
---|---|---|---|---|---|---|
r-devel-linux-x86_64-debian-clang | 1.1.3 | 164.86 | 47.36 | 212.22 | OK | |
r-devel-linux-x86_64-debian-gcc | 1.1.3 | 114.77 | 35.10 | 149.87 | OK | |
r-devel-linux-x86_64-fedora-clang | 1.1.3 | 306.53 | OK | |||
r-devel-linux-x86_64-fedora-gcc | 1.1.3 | 320.19 | OK | |||
r-devel-windows-x86_64 | 1.1.3 | 123.00 | 90.00 | 213.00 | OK | |
r-patched-linux-x86_64 | 1.1.3 | 137.41 | 46.41 | 183.82 | OK | |
r-release-linux-x86_64 | 1.1.3 | 139.58 | 45.91 | 185.49 | OK | |
r-release-macos-arm64 | 1.1.3 | 55.00 | NOTE | |||
r-release-macos-x86_64 | 1.1.3 | 55.00 | NOTE | |||
r-release-windows-x86_64 | 1.1.3 | 122.00 | 81.00 | 203.00 | OK | |
r-oldrel-macos-arm64 | 1.1.3 | 65.00 | NOTE | |||
r-oldrel-macos-x86_64 | 1.1.3 | 123.00 | NOTE | |||
r-oldrel-windows-x86_64 | 1.1.3 | 156.00 | 92.00 | 248.00 | OK |
Version: 1.1.3
Check: installed package size
Result: NOTE
installed size is 5.3Mb
sub-directories of 1Mb or more:
libs 5.1Mb
Flavors: r-release-macos-arm64, r-release-macos-x86_64, r-oldrel-macos-arm64, r-oldrel-macos-x86_64