Last updated on 2024-06-30 00:59:18 CEST.
Flavor | Version | Tinstall | Tcheck | Ttotal | Status | Flags |
---|---|---|---|---|---|---|
r-devel-linux-x86_64-debian-clang | 1.1 | 6.42 | 80.67 | 87.09 | NOTE | |
r-devel-linux-x86_64-debian-gcc | 1.1 | 6.63 | 61.52 | 68.15 | NOTE | |
r-devel-linux-x86_64-fedora-clang | 1.1 | 112.71 | NOTE | |||
r-devel-linux-x86_64-fedora-gcc | 1.1 | 102.38 | NOTE | |||
r-devel-windows-x86_64 | 1.1 | 7.00 | 79.00 | 86.00 | NOTE | |
r-patched-linux-x86_64 | 1.1 | 7.57 | 76.89 | 84.46 | NOTE | |
r-release-linux-x86_64 | 1.1 | 8.89 | 77.47 | 86.36 | NOTE | |
r-release-macos-arm64 | 1.1 | 34.00 | NOTE | |||
r-release-macos-x86_64 | 1.1 | 57.00 | NOTE | |||
r-release-windows-x86_64 | 1.1 | 7.00 | 79.00 | 86.00 | NOTE | |
r-oldrel-macos-arm64 | 1.1 | 39.00 | NOTE | |||
r-oldrel-macos-x86_64 | 1.1 | 63.00 | NOTE | |||
r-oldrel-windows-x86_64 | 1.1 | 10.00 | 91.00 | 101.00 | NOTE |
Version: 1.1
Check: LazyData
Result: NOTE
'LazyData' is specified without a 'data' directory
Flavors: r-devel-linux-x86_64-debian-clang, r-devel-linux-x86_64-debian-gcc, r-devel-linux-x86_64-fedora-clang, r-devel-linux-x86_64-fedora-gcc, r-devel-windows-x86_64, r-patched-linux-x86_64, r-release-linux-x86_64, r-release-macos-arm64, r-release-macos-x86_64, r-release-windows-x86_64, r-oldrel-macos-arm64, r-oldrel-macos-x86_64, r-oldrel-windows-x86_64