Last updated on 2024-06-16 11:57:59 CEST.
Flavor | Version | Tinstall | Tcheck | Ttotal | Status | Flags |
---|---|---|---|---|---|---|
r-devel-linux-x86_64-debian-clang | 3.1.3 | 26.55 | 134.97 | 161.52 | NOTE | |
r-devel-linux-x86_64-debian-gcc | 3.1.3 | 18.64 | 111.74 | 130.38 | NOTE | |
r-devel-linux-x86_64-fedora-clang | 3.1.3 | 221.22 | NOTE | |||
r-devel-linux-x86_64-fedora-gcc | 3.1.3 | 230.87 | NOTE | |||
r-devel-windows-x86_64 | 3.1.3 | 21.00 | 191.00 | 212.00 | NOTE | |
r-patched-linux-x86_64 | 3.1.3 | 25.97 | 150.55 | 176.52 | NOTE | |
r-release-linux-x86_64 | 3.1.3 | 24.09 | 143.66 | 167.75 | NOTE | |
r-release-macos-arm64 | 3.1.3 | 79.00 | NOTE | |||
r-release-macos-x86_64 | 3.1.3 | 139.00 | NOTE | |||
r-release-windows-x86_64 | 3.1.3 | 20.00 | 193.00 | 213.00 | NOTE | |
r-oldrel-macos-arm64 | 3.1.3 | 76.00 | OK | |||
r-oldrel-macos-x86_64 | 3.1.3 | 198.00 | OK | |||
r-oldrel-windows-x86_64 | 3.1.3 | 25.00 | 191.00 | 216.00 | OK |
Version: 3.1.3
Check: Rd files
Result: NOTE
checkRd: (-1) mable.dr.Rd:23: Lost braces
23 | \item{x, y}{original two sample raw data, code{x}:"Control", \code{y}: "Case".}
| ^
checkRd: (-1) mable.dr.group.Rd:26: Lost braces
26 | specified by \code{t}. code{n0}:"Control", \code{n1}: "Case".}
| ^
checkRd: (-1) mable.reg.Rd:50: Lost braces
50 | Wrapping all code{mable} fit of regression models in one function.
| ^
checkRd: (-1) maple.dr.Rd:23: Lost braces
23 | \item{x, y}{original two sample raw data, code{x}:"Control", \code{y}: "Case".}
| ^
checkRd: (-1) maple.dr.group.Rd:27: Lost braces
27 | specified by \code{t}. code{n0}:"Control", \code{n1}: "Case".}
| ^
Flavors: r-devel-linux-x86_64-debian-clang, r-devel-linux-x86_64-debian-gcc, r-devel-linux-x86_64-fedora-clang, r-devel-linux-x86_64-fedora-gcc, r-devel-windows-x86_64, r-patched-linux-x86_64, r-release-linux-x86_64, r-release-macos-arm64, r-release-macos-x86_64, r-release-windows-x86_64