Last updated on 2024-06-16 11:57:59 CEST.
Flavor | Version | Tinstall | Tcheck | Ttotal | Status | Flags |
---|---|---|---|---|---|---|
r-devel-linux-x86_64-debian-clang | 1.2.3 | 377.63 | 146.75 | 524.38 | OK | |
r-devel-linux-x86_64-debian-gcc | 1.2.3 | 273.72 | 106.63 | 380.35 | OK | |
r-devel-linux-x86_64-fedora-clang | 1.2.3 | 770.34 | OK | |||
r-devel-linux-x86_64-fedora-gcc | 1.2.3 | 835.84 | OK | |||
r-devel-windows-x86_64 | 1.2.3 | 286.00 | 169.00 | 455.00 | OK | |
r-patched-linux-x86_64 | 1.2.3 | 335.49 | 141.68 | 477.17 | OK | |
r-release-linux-x86_64 | 1.2.3 | 333.62 | 145.02 | 478.64 | OK | |
r-release-macos-arm64 | 1.2.3 | 166.00 | NOTE | |||
r-release-macos-x86_64 | 1.2.3 | 174.00 | NOTE | |||
r-release-windows-x86_64 | 1.2.3 | 292.00 | 166.00 | 458.00 | OK | |
r-oldrel-macos-arm64 | 1.2.3 | 168.00 | NOTE | |||
r-oldrel-macos-x86_64 | 1.2.3 | 305.00 | NOTE | |||
r-oldrel-windows-x86_64 | 1.2.3 | 362.00 | 192.00 | 554.00 | OK |
Version: 1.2.3
Check: installed package size
Result: NOTE
installed size is 24.9Mb
sub-directories of 1Mb or more:
libs 23.5Mb
Flavors: r-release-macos-arm64, r-release-macos-x86_64, r-oldrel-macos-arm64, r-oldrel-macos-x86_64