Last updated on 2024-06-30 00:59:18 CEST.
Flavor | Version | Tinstall | Tcheck | Ttotal | Status | Flags |
---|---|---|---|---|---|---|
r-devel-linux-x86_64-debian-clang | 0.1.0 | 1.68 | 19.98 | 21.66 | OK | |
r-devel-linux-x86_64-debian-gcc | 0.1.0 | 1.79 | 15.53 | 17.32 | OK | |
r-devel-linux-x86_64-fedora-clang | 0.1.0 | 28.04 | NOTE | |||
r-devel-linux-x86_64-fedora-gcc | 0.1.0 | 26.91 | NOTE | |||
r-devel-windows-x86_64 | 0.1.0 | 3.00 | 34.00 | 37.00 | OK | |
r-patched-linux-x86_64 | 0.1.0 | 1.90 | 18.81 | 20.71 | OK | |
r-release-linux-x86_64 | 0.1.0 | 1.77 | 18.86 | 20.63 | OK | |
r-release-macos-arm64 | 0.1.0 | 14.00 | OK | |||
r-release-macos-x86_64 | 0.1.0 | 19.00 | OK | |||
r-release-windows-x86_64 | 0.1.0 | 4.00 | 34.00 | 38.00 | OK | |
r-oldrel-macos-arm64 | 0.1.0 | 14.00 | OK | |||
r-oldrel-macos-x86_64 | 0.1.0 | 18.00 | OK | |||
r-oldrel-windows-x86_64 | 0.1.0 | 4.00 | 33.00 | 37.00 | OK |
Version: 0.1.0
Check: data for non-ASCII characters
Result: NOTE
Note: found 17524 marked UTF-8 strings
Flavors: r-devel-linux-x86_64-fedora-clang, r-devel-linux-x86_64-fedora-gcc