Last updated on 2024-06-16 11:57:59 CEST.
Flavor | Version | Tinstall | Tcheck | Ttotal | Status | Flags |
---|---|---|---|---|---|---|
r-devel-linux-x86_64-debian-clang | 2.0 | 11.25 | 94.35 | 105.60 | NOTE | |
r-devel-linux-x86_64-debian-gcc | 2.0 | 8.67 | 69.79 | 78.46 | NOTE | |
r-devel-linux-x86_64-fedora-clang | 2.0 | 127.30 | NOTE | |||
r-devel-linux-x86_64-fedora-gcc | 2.0 | 120.43 | NOTE | |||
r-devel-windows-x86_64 | 2.0 | 9.00 | 82.00 | 91.00 | NOTE | |
r-patched-linux-x86_64 | 2.0 | 9.38 | 88.85 | 98.23 | NOTE | |
r-release-linux-x86_64 | 2.0 | 7.96 | 90.51 | 98.47 | NOTE | |
r-release-macos-arm64 | 2.0 | 37.00 | NOTE | |||
r-release-macos-x86_64 | 2.0 | 59.00 | NOTE | |||
r-release-windows-x86_64 | 2.0 | 10.00 | 81.00 | 91.00 | NOTE | |
r-oldrel-macos-arm64 | 2.0 | 44.00 | OK | |||
r-oldrel-macos-x86_64 | 2.0 | 67.00 | OK | |||
r-oldrel-windows-x86_64 | 2.0 | 11.00 | 99.00 | 110.00 | OK |
Version: 2.0
Check: Rd files
Result: NOTE
checkRd: (-1) manet.Rd:25: Lost braces in \itemize; \value handles \item{}{} directly
checkRd: (-1) manet.Rd:26: Lost braces in \itemize; \value handles \item{}{} directly
checkRd: (-1) manet.Rd:27: Lost braces in \itemize; \value handles \item{}{} directly
checkRd: (-1) manet.Rd:28: Lost braces in \itemize; \value handles \item{}{} directly
checkRd: (-1) manet.Rd:29: Lost braces in \itemize; \value handles \item{}{} directly
checkRd: (-1) manet.Rd:30: Lost braces in \itemize; \value handles \item{}{} directly
checkRd: (-1) mixtbern.Rd:23: Lost braces in \itemize; \value handles \item{}{} directly
checkRd: (-1) mixtbern.Rd:24: Lost braces in \itemize; \value handles \item{}{} directly
checkRd: (-1) mixtbern.Rd:25: Lost braces in \itemize; \value handles \item{}{} directly
checkRd: (-1) mixtbern.Rd:26: Lost braces in \itemize; \value handles \item{}{} directly
checkRd: (-1) mixtbern.Rd:27: Lost braces in \itemize; \value handles \item{}{} directly
Flavors: r-devel-linux-x86_64-debian-clang, r-devel-linux-x86_64-debian-gcc, r-devel-linux-x86_64-fedora-clang, r-devel-linux-x86_64-fedora-gcc, r-devel-windows-x86_64, r-patched-linux-x86_64, r-release-linux-x86_64, r-release-macos-arm64, r-release-macos-x86_64, r-release-windows-x86_64