Last updated on 2024-06-16 11:57:59 CEST.
Flavor | Version | Tinstall | Tcheck | Ttotal | Status | Flags |
---|---|---|---|---|---|---|
r-devel-linux-x86_64-debian-clang | 1.0.1 | 3.48 | 27.69 | 31.17 | OK | |
r-devel-linux-x86_64-debian-gcc | 1.0.1 | 2.74 | 21.70 | 24.44 | OK | |
r-devel-linux-x86_64-fedora-clang | 1.0.1 | 40.33 | NOTE | |||
r-devel-linux-x86_64-fedora-gcc | 1.0.1 | 38.13 | OK | |||
r-devel-windows-x86_64 | 1.0.1 | 5.00 | 47.00 | 52.00 | OK | |
r-patched-linux-x86_64 | 1.0.1 | 3.72 | 27.34 | 31.06 | OK | |
r-release-linux-x86_64 | 1.0.1 | 3.70 | 26.89 | 30.59 | OK | |
r-release-macos-arm64 | 1.0.1 | 18.00 | OK | |||
r-release-macos-x86_64 | 1.0.1 | 25.00 | OK | |||
r-release-windows-x86_64 | 1.0.1 | 7.00 | 47.00 | 54.00 | OK | |
r-oldrel-macos-arm64 | 1.0.1 | 20.00 | OK | |||
r-oldrel-macos-x86_64 | 1.0.1 | 44.00 | OK | |||
r-oldrel-windows-x86_64 | 1.0.1 | 7.00 | 51.00 | 58.00 | OK |
Version: 1.0.1
Check: Rd cross-references
Result: NOTE
Undeclared packages ‘CompQuadForm’, ‘car’ in Rd xrefs
Flavor: r-devel-linux-x86_64-fedora-clang