Last updated on 2024-06-30 00:59:18 CEST.
Flavor | Version | Tinstall | Tcheck | Ttotal | Status | Flags |
---|---|---|---|---|---|---|
r-devel-linux-x86_64-debian-clang | 2.1.0 | 30.14 | 515.29 | 545.43 | OK | |
r-devel-linux-x86_64-debian-gcc | 2.1.0 | 23.84 | 378.80 | 402.64 | OK | |
r-devel-linux-x86_64-fedora-clang | 2.1.0 | 711.68 | NOTE | |||
r-devel-linux-x86_64-fedora-gcc | 2.1.0 | 903.42 | NOTE | |||
r-devel-windows-x86_64 | 2.1.0 | 24.00 | 370.00 | 394.00 | OK | |
r-patched-linux-x86_64 | 2.1.0 | 33.01 | 511.36 | 544.37 | OK | |
r-release-linux-x86_64 | 2.1.0 | 32.48 | 506.19 | 538.67 | OK | |
r-release-macos-arm64 | 2.1.0 | 276.00 | OK | |||
r-release-macos-x86_64 | 2.1.0 | 532.00 | OK | |||
r-release-windows-x86_64 | 2.1.0 | 24.00 | 377.00 | 401.00 | OK | |
r-oldrel-macos-arm64 | 2.1.0 | 241.00 | OK | |||
r-oldrel-macos-x86_64 | 2.1.0 | 789.00 | OK | |||
r-oldrel-windows-x86_64 | 2.1.0 | 33.00 | 484.00 | 517.00 | OK |
Version: 2.1.0
Check: data for non-ASCII characters
Result: NOTE
Note: found 1 marked UTF-8 string
Flavors: r-devel-linux-x86_64-fedora-clang, r-devel-linux-x86_64-fedora-gcc