Last updated on 2024-06-16 11:58:00 CEST.
Flavor | Version | Tinstall | Tcheck | Ttotal | Status | Flags |
---|---|---|---|---|---|---|
r-devel-linux-x86_64-debian-clang | 1.4.1 | 49.74 | 473.26 | 523.00 | OK | |
r-devel-linux-x86_64-debian-gcc | 1.4.1 | 39.35 | 339.39 | 378.74 | OK | |
r-devel-linux-x86_64-fedora-clang | 1.4.1 | 671.60 | NOTE | |||
r-devel-linux-x86_64-fedora-gcc | 1.4.1 | 583.36 | NOTE | |||
r-devel-windows-x86_64 | 1.4.1 | 38.00 | 304.00 | 342.00 | OK | |
r-patched-linux-x86_64 | 1.4.1 | 46.94 | 455.62 | 502.56 | OK | |
r-release-linux-x86_64 | 1.4.1 | 31.19 | 448.86 | 480.05 | OK | |
r-release-macos-arm64 | 1.4.1 | 157.00 | OK | |||
r-release-macos-x86_64 | 1.4.1 | 277.00 | OK | |||
r-release-windows-x86_64 | 1.4.1 | 38.00 | 301.00 | 339.00 | OK | |
r-oldrel-macos-arm64 | 1.4.1 | 188.00 | OK | |||
r-oldrel-macos-x86_64 | 1.4.1 | 320.00 | OK | |||
r-oldrel-windows-x86_64 | 1.4.1 | 53.00 | 391.00 | 444.00 | OK |
Version: 1.4.1
Check: data for non-ASCII characters
Result: NOTE
Note: found 25892 marked UTF-8 strings
Flavors: r-devel-linux-x86_64-fedora-clang, r-devel-linux-x86_64-fedora-gcc