Last updated on 2024-06-30 00:59:18 CEST.
Flavor | Version | Tinstall | Tcheck | Ttotal | Status | Flags |
---|---|---|---|---|---|---|
r-devel-linux-x86_64-debian-clang | 0.1.0 | 35.32 | 120.72 | 156.04 | NOTE | |
r-devel-linux-x86_64-debian-gcc | 0.1.0 | 30.12 | 92.77 | 122.89 | NOTE | |
r-devel-linux-x86_64-fedora-clang | 0.1.0 | 210.32 | NOTE | |||
r-devel-linux-x86_64-fedora-gcc | 0.1.0 | 262.44 | NOTE | |||
r-devel-windows-x86_64 | 0.1.0 | 30.00 | 97.00 | 127.00 | NOTE | |
r-patched-linux-x86_64 | 0.1.0 | 29.61 | 118.64 | 148.25 | OK | |
r-release-linux-x86_64 | 0.1.0 | 33.36 | 119.85 | 153.21 | OK | |
r-release-macos-arm64 | 0.1.0 | 65.00 | NOTE | |||
r-release-macos-x86_64 | 0.1.0 | 107.00 | NOTE | |||
r-release-windows-x86_64 | 0.1.0 | 30.00 | 96.00 | 126.00 | OK | |
r-oldrel-macos-arm64 | 0.1.0 | 61.00 | NOTE | |||
r-oldrel-macos-x86_64 | 0.1.0 | 101.00 | NOTE | |||
r-oldrel-windows-x86_64 | 0.1.0 | 48.00 | 109.00 | 157.00 | OK |
Version: 0.1.0
Check: compiled code
Result: NOTE
File ‘marquee/libs/marquee.so’:
Found non-API calls to R: ‘SETLENGTH’, ‘SET_GROWABLE_BIT’,
‘SET_TRUELENGTH’
Compiled code should not call non-API entry points in R.
See ‘Writing portable packages’ in the ‘Writing R Extensions’ manual.
See section ‘Moving into C API compliance’ in the ‘Writing R
Extensions’ manual for issues with use of non-API entry points.
Flavors: r-devel-linux-x86_64-debian-clang, r-devel-linux-x86_64-debian-gcc, r-devel-linux-x86_64-fedora-clang, r-devel-linux-x86_64-fedora-gcc
Version: 0.1.0
Check: compiled code
Result: NOTE
File 'marquee/libs/x64/marquee.dll':
Found non-API calls to R: 'SETLENGTH', 'SET_GROWABLE_BIT',
'SET_TRUELENGTH'
Compiled code should not call non-API entry points in R.
See 'Writing portable packages' in the 'Writing R Extensions' manual.
See section 'Moving into C API compliance' in the 'Writing R
Extensions' manual for issues with use of non-API entry points.
Flavor: r-devel-windows-x86_64
Version: 0.1.0
Check: installed package size
Result: NOTE
installed size is 6.0Mb
sub-directories of 1Mb or more:
doc 2.3Mb
libs 2.8Mb
Flavors: r-release-macos-arm64, r-release-macos-x86_64, r-oldrel-macos-arm64, r-oldrel-macos-x86_64