Last updated on 2024-06-30 00:59:18 CEST.
Flavor | Version | Tinstall | Tcheck | Ttotal | Status | Flags |
---|---|---|---|---|---|---|
r-devel-linux-x86_64-debian-clang | 1.3.3 | 69.40 | 46.01 | 115.41 | NOTE | |
r-devel-linux-x86_64-debian-gcc | 1.3.3 | 48.29 | 34.66 | 82.95 | NOTE | |
r-devel-linux-x86_64-fedora-clang | 1.3.3 | 178.99 | NOTE | |||
r-devel-linux-x86_64-fedora-gcc | 1.3.3 | 185.53 | NOTE | |||
r-devel-windows-x86_64 | 1.3.3 | 58.00 | 80.00 | 138.00 | NOTE | |
r-patched-linux-x86_64 | 1.3.3 | 55.50 | 43.88 | 99.38 | NOTE | |
r-release-linux-x86_64 | 1.3.3 | 61.52 | 44.13 | 105.65 | NOTE | |
r-release-macos-arm64 | 1.3.3 | 43.00 | NOTE | |||
r-release-macos-x86_64 | 1.3.3 | 57.00 | NOTE | |||
r-release-windows-x86_64 | 1.3.3 | 58.00 | 79.00 | 137.00 | NOTE | |
r-oldrel-macos-arm64 | 1.3.3 | 45.00 | NOTE | |||
r-oldrel-macos-x86_64 | 1.3.3 | 84.00 | NOTE | |||
r-oldrel-windows-x86_64 | 1.3.3 | 70.00 | 91.00 | 161.00 | NOTE |
Version: 1.3.3
Check: C++ specification
Result: NOTE
Specified C++11: please drop specification unless essential
Flavors: r-devel-linux-x86_64-debian-clang, r-devel-linux-x86_64-debian-gcc, r-devel-linux-x86_64-fedora-clang, r-devel-linux-x86_64-fedora-gcc, r-devel-windows-x86_64, r-patched-linux-x86_64, r-release-linux-x86_64, r-release-macos-arm64, r-release-macos-x86_64, r-release-windows-x86_64, r-oldrel-macos-arm64, r-oldrel-macos-x86_64, r-oldrel-windows-x86_64