Last updated on 2024-06-16 11:58:00 CEST.
Flavor | Version | Tinstall | Tcheck | Ttotal | Status | Flags |
---|---|---|---|---|---|---|
r-devel-linux-x86_64-debian-clang | 1.0.4 | 4.97 | 149.96 | 154.93 | NOTE | |
r-devel-linux-x86_64-debian-gcc | 1.0.4 | 3.22 | 90.78 | 94.00 | NOTE | |
r-devel-linux-x86_64-fedora-clang | 1.0.4 | 227.65 | NOTE | |||
r-devel-linux-x86_64-fedora-gcc | 1.0.4 | 219.69 | NOTE | |||
r-devel-windows-x86_64 | 1.0.4 | 4.00 | 192.00 | 196.00 | NOTE | |
r-patched-linux-x86_64 | 1.0.4 | 5.37 | 147.18 | 152.55 | NOTE | |
r-release-linux-x86_64 | 1.0.4 | 3.73 | 147.46 | 151.19 | NOTE | |
r-release-macos-arm64 | 1.0.4 | 52.00 | NOTE | |||
r-release-macos-x86_64 | 1.0.4 | 80.00 | NOTE | |||
r-release-windows-x86_64 | 1.0.4 | 6.00 | 180.00 | 186.00 | NOTE | |
r-oldrel-macos-arm64 | 1.0.4 | 38.00 | NOTE | |||
r-oldrel-macos-x86_64 | 1.0.4 | 55.00 | NOTE | |||
r-oldrel-windows-x86_64 | 1.0.4 | 6.00 | 91.00 | 97.00 | NOTE |
Version: 1.0.4
Check: Rd files
Result: NOTE
checkRd: (-1) size_t-class.Rd:6: Escaped LaTeX specials: \_
Flavors: r-devel-linux-x86_64-debian-clang, r-devel-linux-x86_64-debian-gcc, r-devel-linux-x86_64-fedora-clang, r-devel-linux-x86_64-fedora-gcc, r-devel-windows-x86_64, r-patched-linux-x86_64, r-release-linux-x86_64, r-release-macos-arm64, r-release-macos-x86_64, r-release-windows-x86_64, r-oldrel-macos-arm64, r-oldrel-macos-x86_64, r-oldrel-windows-x86_64