Last updated on 2024-06-30 00:59:18 CEST.
Flavor | Version | Tinstall | Tcheck | Ttotal | Status | Flags |
---|---|---|---|---|---|---|
r-devel-linux-x86_64-debian-clang | 0.0.4 | 3.72 | 34.24 | 37.96 | NOTE | |
r-devel-linux-x86_64-debian-gcc | 0.0.4 | 2.79 | 25.46 | 28.25 | NOTE | |
r-devel-linux-x86_64-fedora-clang | 0.0.4 | 48.79 | NOTE | |||
r-devel-linux-x86_64-fedora-gcc | 0.0.4 | 46.24 | NOTE | |||
r-devel-windows-x86_64 | 0.0.4 | 5.00 | 46.00 | 51.00 | NOTE | |
r-patched-linux-x86_64 | 0.0.4 | 3.16 | 33.39 | 36.55 | NOTE | |
r-release-linux-x86_64 | 0.0.4 | 3.49 | 32.70 | 36.19 | NOTE | |
r-release-macos-arm64 | 0.0.4 | 18.00 | NOTE | |||
r-release-macos-x86_64 | 0.0.4 | 25.00 | NOTE | |||
r-release-windows-x86_64 | 0.0.4 | 3.00 | 45.00 | 48.00 | NOTE | |
r-oldrel-macos-arm64 | 0.0.4 | 19.00 | NOTE | |||
r-oldrel-macos-x86_64 | 0.0.4 | 26.00 | NOTE | |||
r-oldrel-windows-x86_64 | 0.0.4 | 4.00 | 48.00 | 52.00 | NOTE |
Version: 0.0.4
Check: package dependencies
Result: NOTE
Package suggested but not available for checking: ‘RGtk2’
Flavors: r-devel-linux-x86_64-debian-clang, r-devel-linux-x86_64-debian-gcc, r-devel-linux-x86_64-fedora-clang, r-devel-linux-x86_64-fedora-gcc, r-devel-windows-x86_64, r-patched-linux-x86_64, r-release-linux-x86_64, r-release-macos-arm64, r-release-macos-x86_64, r-release-windows-x86_64, r-oldrel-macos-arm64, r-oldrel-macos-x86_64, r-oldrel-windows-x86_64
Version: 0.0.4
Check: LazyData
Result: NOTE
'LazyData' is specified without a 'data' directory
Flavors: r-devel-linux-x86_64-debian-clang, r-devel-linux-x86_64-debian-gcc, r-devel-linux-x86_64-fedora-clang, r-devel-linux-x86_64-fedora-gcc, r-devel-windows-x86_64, r-patched-linux-x86_64, r-release-linux-x86_64, r-release-macos-arm64, r-release-macos-x86_64, r-release-windows-x86_64, r-oldrel-macos-arm64, r-oldrel-macos-x86_64, r-oldrel-windows-x86_64