Last updated on 2024-06-30 00:59:18 CEST.
Flavor | Version | Tinstall | Tcheck | Ttotal | Status | Flags |
---|---|---|---|---|---|---|
r-devel-linux-x86_64-debian-clang | 0.5 | 8.97 | 101.59 | 110.56 | NOTE | |
r-devel-linux-x86_64-debian-gcc | 0.5 | 8.41 | 75.50 | 83.91 | NOTE | |
r-devel-linux-x86_64-fedora-clang | 0.5 | 145.70 | NOTE | |||
r-devel-linux-x86_64-fedora-gcc | 0.5 | 140.61 | NOTE | |||
r-devel-windows-x86_64 | 0.5 | 10.00 | 91.00 | 101.00 | NOTE | |
r-patched-linux-x86_64 | 0.5 | 12.45 | 97.17 | 109.62 | NOTE | |
r-release-linux-x86_64 | 0.5 | 9.07 | 98.56 | 107.63 | NOTE | |
r-release-macos-arm64 | 0.5 | 39.00 | NOTE | |||
r-release-macos-x86_64 | 0.5 | 63.00 | NOTE | |||
r-release-windows-x86_64 | 0.5 | 10.00 | 91.00 | 101.00 | NOTE | |
r-oldrel-macos-arm64 | 0.5 | 50.00 | NOTE | |||
r-oldrel-macos-x86_64 | 0.5 | 75.00 | NOTE | |||
r-oldrel-windows-x86_64 | 0.5 | 14.00 | 112.00 | 126.00 | NOTE |
Version: 0.5
Check: LazyData
Result: NOTE
'LazyData' is specified without a 'data' directory
Flavors: r-devel-linux-x86_64-debian-clang, r-devel-linux-x86_64-debian-gcc, r-devel-linux-x86_64-fedora-clang, r-devel-linux-x86_64-fedora-gcc, r-devel-windows-x86_64, r-patched-linux-x86_64, r-release-linux-x86_64, r-release-macos-arm64, r-release-macos-x86_64, r-release-windows-x86_64, r-oldrel-macos-arm64, r-oldrel-macos-x86_64, r-oldrel-windows-x86_64