Last updated on 2024-06-30 00:59:18 CEST.
Flavor | Version | Tinstall | Tcheck | Ttotal | Status | Flags |
---|---|---|---|---|---|---|
r-devel-linux-x86_64-debian-clang | 7.0-0 | 72.30 | 456.14 | 528.44 | OK | |
r-devel-linux-x86_64-debian-gcc | 7.0-0 | 61.36 | 321.08 | 382.44 | OK | |
r-devel-linux-x86_64-fedora-clang | 7.0-0 | 654.18 | NOTE | |||
r-devel-linux-x86_64-fedora-gcc | 7.0-0 | 498.23 | OK | |||
r-devel-windows-x86_64 | 7.0-0 | 61.00 | 325.00 | 386.00 | OK | |
r-patched-linux-x86_64 | 7.0-0 | 74.94 | 430.48 | 505.42 | OK | |
r-release-linux-x86_64 | 7.0-0 | 66.43 | 437.50 | 503.93 | OK | |
r-release-macos-arm64 | 7.0-0 | 154.00 | OK | |||
r-release-macos-x86_64 | 7.0-0 | 243.00 | OK | |||
r-release-windows-x86_64 | 7.0-0 | 57.00 | 331.00 | 388.00 | OK | |
r-oldrel-macos-arm64 | 7.0-0 | 154.00 | OK | |||
r-oldrel-macos-x86_64 | 7.0-0 | 355.00 | OK | |||
r-oldrel-windows-x86_64 | 7.0-0 | 81.00 | 435.00 | 516.00 | OK |
Version: 7.0-0
Check: Rd cross-references
Result: NOTE
Undeclared packages ‘netmeta’, ‘metasens’, ‘robumeta’ in Rd xrefs
Flavor: r-devel-linux-x86_64-fedora-clang