Last updated on 2024-06-30 00:59:19 CEST.
Flavor | Version | Tinstall | Tcheck | Ttotal | Status | Flags |
---|---|---|---|---|---|---|
r-devel-linux-x86_64-debian-clang | 3.16.0 | 59.98 | 309.54 | 369.52 | NOTE | |
r-devel-linux-x86_64-debian-gcc | 3.16.0 | 43.95 | 224.56 | 268.51 | NOTE | |
r-devel-linux-x86_64-fedora-clang | 3.16.0 | 484.02 | NOTE | |||
r-devel-linux-x86_64-fedora-gcc | 3.16.0 | 457.74 | NOTE | |||
r-devel-windows-x86_64 | 3.16.0 | 52.00 | 286.00 | 338.00 | NOTE | |
r-patched-linux-x86_64 | 3.16.0 | 40.31 | 302.16 | 342.47 | NOTE | |
r-release-linux-x86_64 | 3.16.0 | 38.97 | 301.06 | 340.03 | NOTE | |
r-release-macos-arm64 | 3.16.0 | 118.00 | NOTE | |||
r-release-macos-x86_64 | 3.16.0 | 173.00 | NOTE | |||
r-release-windows-x86_64 | 3.16.0 | 51.00 | 292.00 | 343.00 | NOTE | |
r-oldrel-macos-arm64 | 3.16.0 | 90.00 | OK | |||
r-oldrel-macos-x86_64 | 3.16.0 | 164.00 | OK | |||
r-oldrel-windows-x86_64 | 3.16.0 | 68.00 | 386.00 | 454.00 | OK |
Version: 3.16.0
Check: Rd files
Result: NOTE
checkRd: (-1) ampute.Rd:143: Lost braces
143 | we refer to \doi{10.1177/0049124118799376}{Schouten and Vink, 2018}.
| ^
checkRd: (-1) ampute.Rd:188: Lost braces
188 | \doi{10.1080/00949655.2018.1491577}{Schouten, Lugtig and Vink, 2018}.
| ^
checkRd: (-1) ampute.Rd:223: Lost braces
223 | Schouten, R.M. and Vink, G. (2018){The Dance of the Mechanisms: How Observed Information Influences the Validity of Missingness Assumptions}.
| ^
checkRd: (-1) mice.Rd:348: Lost braces; missing escapes or markup?
348 | The \pkg{mice} software was published in the {Journal of Statistical Software} (Van Buuren and Groothuis-Oudshoorn, 2011). \doi{10.18637/jss.v045.i03}
| ^
checkRd: (-1) mice.impute.pmm.Rd:87: Lost braces; missing escapes or markup?
87 | \item{Construct \eqn{n_0} sets \eqn{Z_j}, each containing \eqn{d} candidate donors, from Y_{obs} such that \eqn{\sum_d\dot\eta(i,j)} is minimum for all \eqn{j=1,\dots,n_0}. Break ties randomly.}
| ^
Flavors: r-devel-linux-x86_64-debian-clang, r-devel-linux-x86_64-debian-gcc, r-devel-linux-x86_64-fedora-clang, r-devel-linux-x86_64-fedora-gcc, r-devel-windows-x86_64, r-patched-linux-x86_64, r-release-linux-x86_64, r-release-macos-arm64, r-release-macos-x86_64, r-release-windows-x86_64