Last updated on 2024-06-16 11:58:00 CEST.
Flavor | Version | Tinstall | Tcheck | Ttotal | Status | Flags |
---|---|---|---|---|---|---|
r-devel-linux-x86_64-debian-clang | 1.6 | 6.55 | 1135.76 | 1142.31 | OK | |
r-devel-linux-x86_64-debian-gcc | 1.6 | 6.17 | 773.16 | 779.33 | OK | |
r-devel-linux-x86_64-fedora-clang | 1.6 | 1385.35 | NOTE | |||
r-devel-linux-x86_64-fedora-gcc | 1.6 | 1316.17 | NOTE | |||
r-devel-windows-x86_64 | 1.6 | 9.00 | 595.00 | 604.00 | OK | |
r-patched-linux-x86_64 | 1.6 | 6.54 | 1105.60 | 1112.14 | OK | |
r-release-linux-x86_64 | 1.6 | 5.51 | 1073.10 | 1078.61 | OK | |
r-release-macos-arm64 | 1.6 | 269.00 | OK | |||
r-release-macos-x86_64 | 1.6 | 559.00 | OK | |||
r-release-windows-x86_64 | 1.6 | 8.00 | 592.00 | 600.00 | OK | |
r-oldrel-macos-arm64 | 1.6 | 298.00 | OK | |||
r-oldrel-macos-x86_64 | 1.6 | 572.00 | OK | |||
r-oldrel-windows-x86_64 | 1.6 | 10.00 | 921.00 | 931.00 | OK |
Version: 1.6
Check: dependencies in R code
Result: NOTE
Namespace in Imports field not imported from: ‘testthat’
All declared Imports should be used.
Flavors: r-devel-linux-x86_64-fedora-clang, r-devel-linux-x86_64-fedora-gcc