Last updated on 2024-06-30 00:59:19 CEST.
Flavor | Version | Tinstall | Tcheck | Ttotal | Status | Flags |
---|---|---|---|---|---|---|
r-devel-linux-x86_64-debian-clang | 0.4.0 | 8.93 | 171.23 | 180.16 | NOTE | |
r-devel-linux-x86_64-debian-gcc | 0.4.0 | 6.89 | 122.26 | 129.15 | NOTE | |
r-devel-linux-x86_64-fedora-clang | 0.4.0 | 225.71 | NOTE | |||
r-devel-linux-x86_64-fedora-gcc | 0.4.0 | 216.18 | NOTE | |||
r-devel-windows-x86_64 | 0.4.0 | 10.00 | 136.00 | 146.00 | NOTE | |
r-patched-linux-x86_64 | 0.4.0 | 14.90 | 170.17 | 185.07 | NOTE | |
r-release-linux-x86_64 | 0.4.0 | 6.33 | 166.12 | 172.45 | NOTE | |
r-release-macos-arm64 | 0.4.0 | 57.00 | NOTE | |||
r-release-macos-x86_64 | 0.4.0 | 114.00 | NOTE | |||
r-release-windows-x86_64 | 0.4.0 | 10.00 | 141.00 | 151.00 | NOTE | |
r-oldrel-macos-arm64 | 0.4.0 | 57.00 | NOTE | |||
r-oldrel-macos-x86_64 | 0.4.0 | 94.00 | NOTE | |||
r-oldrel-windows-x86_64 | 0.4.0 | 12.00 | 173.00 | 185.00 | NOTE |
Version: 0.4.0
Check: package dependencies
Result: NOTE
Package suggested but not available for checking: ‘gurobi’
Flavors: r-devel-linux-x86_64-debian-clang, r-devel-linux-x86_64-debian-gcc, r-devel-linux-x86_64-fedora-clang, r-devel-linux-x86_64-fedora-gcc, r-devel-windows-x86_64, r-patched-linux-x86_64, r-release-linux-x86_64, r-release-macos-arm64, r-release-macos-x86_64, r-release-windows-x86_64, r-oldrel-macos-arm64, r-oldrel-macos-x86_64, r-oldrel-windows-x86_64