Last updated on 2024-06-30 00:59:19 CEST.
Flavor | Version | Tinstall | Tcheck | Ttotal | Status | Flags |
---|---|---|---|---|---|---|
r-devel-linux-x86_64-debian-clang | 1.0.0 | 7.12 | 58.65 | 65.77 | OK | |
r-devel-linux-x86_64-debian-gcc | 1.0.0 | 4.35 | 43.83 | 48.18 | OK | |
r-devel-linux-x86_64-fedora-clang | 1.0.0 | 83.78 | OK | |||
r-devel-linux-x86_64-fedora-gcc | 1.0.0 | 79.68 | OK | |||
r-devel-windows-x86_64 | 1.0.0 | 7.00 | 72.00 | 79.00 | OK | |
r-patched-linux-x86_64 | 1.0.0 | 6.24 | 55.30 | 61.54 | OK | |
r-release-linux-x86_64 | 1.0.0 | 6.64 | 56.76 | 63.40 | OK | |
r-release-macos-arm64 | 1.0.0 | 29.00 | NOTE | |||
r-release-macos-x86_64 | 1.0.0 | 38.00 | NOTE | |||
r-release-windows-x86_64 | 1.0.0 | 8.00 | 65.00 | 73.00 | OK | |
r-oldrel-macos-arm64 | 1.0.0 | 31.00 | NOTE | |||
r-oldrel-macos-x86_64 | 1.0.0 | 40.00 | NOTE | |||
r-oldrel-windows-x86_64 | 1.0.0 | 11.00 | 73.00 | 84.00 | OK |
Version: 1.0.0
Check: installed package size
Result: NOTE
installed size is 5.6Mb
sub-directories of 1Mb or more:
data 5.5Mb
Flavors: r-release-macos-arm64, r-release-macos-x86_64, r-oldrel-macos-arm64, r-oldrel-macos-x86_64