Last updated on 2024-06-30 00:59:19 CEST.
Flavor | Version | Tinstall | Tcheck | Ttotal | Status | Flags |
---|---|---|---|---|---|---|
r-devel-linux-x86_64-debian-clang | 1.41 | 170.19 | 275.26 | 445.45 | OK | |
r-devel-linux-x86_64-debian-gcc | 1.41 | 111.31 | 191.38 | 302.69 | OK | |
r-devel-linux-x86_64-fedora-clang | 1.41 | 601.55 | OK | |||
r-devel-linux-x86_64-fedora-gcc | 1.41 | 614.25 | OK | |||
r-devel-windows-x86_64 | 1.41 | 123.00 | 225.00 | 348.00 | OK | |
r-patched-linux-x86_64 | 1.41 | 135.81 | 260.76 | 396.57 | OK | |
r-release-linux-x86_64 | 1.41 | 139.84 | 256.44 | 396.28 | OK | |
r-release-macos-arm64 | 1.41 | 111.00 | NOTE | |||
r-release-macos-x86_64 | 1.41 | 199.00 | NOTE | |||
r-release-windows-x86_64 | 1.41 | 124.00 | 221.00 | 345.00 | OK | |
r-oldrel-macos-arm64 | 1.41 | 141.00 | NOTE | |||
r-oldrel-macos-x86_64 | 1.41 | 313.00 | NOTE | |||
r-oldrel-windows-x86_64 | 1.41 | 153.00 | 293.00 | 446.00 | OK |
Version: 1.41
Check: installed package size
Result: NOTE
installed size is 9.0Mb
sub-directories of 1Mb or more:
R 2.1Mb
libs 6.3Mb
Flavors: r-release-macos-arm64, r-release-macos-x86_64, r-oldrel-macos-arm64, r-oldrel-macos-x86_64