Last updated on 2024-06-30 00:59:19 CEST.
Flavor | Version | Tinstall | Tcheck | Ttotal | Status | Flags |
---|---|---|---|---|---|---|
r-devel-linux-x86_64-debian-clang | 0.6-28 | 2.16 | 31.35 | 33.51 | NOTE | |
r-devel-linux-x86_64-debian-gcc | 0.6-28 | 1.88 | 23.92 | 25.80 | NOTE | |
r-devel-linux-x86_64-fedora-clang | 0.6-28 | 44.02 | NOTE | |||
r-devel-linux-x86_64-fedora-gcc | 0.6-28 | 41.85 | NOTE | |||
r-devel-windows-x86_64 | 0.6-28 | 4.00 | 61.00 | 65.00 | NOTE | |
r-patched-linux-x86_64 | 0.6-28 | 2.95 | 29.95 | 32.90 | NOTE | |
r-release-linux-x86_64 | 0.6-28 | 1.88 | 30.09 | 31.97 | NOTE | |
r-release-macos-arm64 | 0.6-28 | 20.00 | NOTE | |||
r-release-macos-x86_64 | 0.6-28 | 28.00 | NOTE | |||
r-release-windows-x86_64 | 0.6-28 | 5.00 | 49.00 | 54.00 | NOTE | |
r-oldrel-macos-arm64 | 0.6-28 | 19.00 | OK | |||
r-oldrel-macos-x86_64 | 0.6-28 | 39.00 | OK | |||
r-oldrel-windows-x86_64 | 0.6-28 | 4.00 | 54.00 | 58.00 | OK |
Version: 0.6-28
Check: Rd files
Result: NOTE
checkRd: (-1) sumKeepAttr.Rd:19: Lost braces
19 | (only relevant if code{x} has only one element).}
| ^
Flavors: r-devel-linux-x86_64-debian-clang, r-devel-linux-x86_64-debian-gcc, r-devel-linux-x86_64-fedora-clang, r-devel-linux-x86_64-fedora-gcc, r-devel-windows-x86_64, r-patched-linux-x86_64, r-release-linux-x86_64, r-release-macos-arm64, r-release-macos-x86_64, r-release-windows-x86_64