Last updated on 2024-06-16 11:58:00 CEST.
Flavor | Version | Tinstall | Tcheck | Ttotal | Status | Flags |
---|---|---|---|---|---|---|
r-devel-linux-x86_64-debian-clang | 1.5.0 | 35.65 | 699.93 | 735.58 | OK | |
r-devel-linux-x86_64-debian-gcc | 1.5.0 | 30.88 | 518.29 | 549.17 | OK | |
r-devel-linux-x86_64-fedora-clang | 1.5.0 | 915.55 | NOTE | |||
r-devel-linux-x86_64-fedora-gcc | 1.5.0 | 827.59 | NOTE | |||
r-devel-windows-x86_64 | 1.5.0 | 29.00 | 456.00 | 485.00 | OK | |
r-patched-linux-x86_64 | 1.5.0 | 40.04 | 700.63 | 740.67 | OK | |
r-release-linux-x86_64 | 1.5.0 | 31.67 | 690.94 | 722.61 | OK | |
r-release-macos-arm64 | 1.5.0 | 200.00 | OK | |||
r-release-macos-x86_64 | 1.5.0 | 322.00 | OK | |||
r-release-windows-x86_64 | 1.5.0 | 30.00 | 466.00 | 496.00 | OK | |
r-oldrel-macos-arm64 | 1.5.0 | 218.00 | OK | |||
r-oldrel-macos-x86_64 | 1.5.0 | 379.00 | OK | |||
r-oldrel-windows-x86_64 | 1.5.0 | 39.00 | 619.00 | 658.00 | OK |
Version: 1.5.0
Check: dependencies in R code
Result: NOTE
Namespace in Imports field not imported from: ‘mcmcr’
All declared Imports should be used.
Flavors: r-devel-linux-x86_64-fedora-clang, r-devel-linux-x86_64-fedora-gcc