Last updated on 2024-06-30 00:59:19 CEST.
Flavor | Version | Tinstall | Tcheck | Ttotal | Status | Flags |
---|---|---|---|---|---|---|
r-devel-linux-x86_64-debian-clang | 2.3.1 | 19.33 | 341.24 | 360.57 | OK | |
r-devel-linux-x86_64-debian-gcc | 2.3.1 | 15.14 | 265.18 | 280.32 | OK | |
r-devel-linux-x86_64-fedora-clang | 2.3.1 | 477.49 | OK | |||
r-devel-linux-x86_64-fedora-gcc | 2.3.1 | 449.13 | ERROR | |||
r-devel-windows-x86_64 | 2.3.1 | 18.00 | 212.00 | 230.00 | OK | |
r-patched-linux-x86_64 | 2.3.1 | 23.20 | 341.54 | 364.74 | OK | |
r-release-linux-x86_64 | 2.3.1 | 21.33 | 339.77 | 361.10 | OK | |
r-release-macos-arm64 | 2.3.1 | 135.00 | OK | |||
r-release-macos-x86_64 | 2.3.1 | 177.00 | OK | |||
r-release-windows-x86_64 | 2.3.1 | 19.00 | 209.00 | 228.00 | OK | |
r-oldrel-macos-arm64 | 2.3.1 | 134.00 | OK | |||
r-oldrel-macos-x86_64 | 2.3.1 | 246.00 | OK | |||
r-oldrel-windows-x86_64 | 2.3.1 | 25.00 | 274.00 | 299.00 | OK |
Version: 2.3.1
Check: tests
Result: ERROR
Running ‘testthat.R’ [182s/100s]
Running the tests in ‘tests/testthat.R’ failed.
Complete output:
> if (requireNamespace("testthat", quietly = TRUE)) {
+ library("checkmate")
+ library("testthat")
+ library("mlr3spatiotempcv")
+ test_check("mlr3spatiotempcv")
+ }
Loading required package: mlr3
Starting 2 test processes
[ FAIL 1 | WARN 0 | SKIP 23 | PASS 1211 ]
══ Skipped tests (23) ══════════════════════════════════════════════════════════
• On CRAN (20): 'test-1-autoplot.R:40:3', 'test-1-autoplot.R:72:3',
'test-1-autoplot.R:98:3', 'test-1-autoplot.R:130:3',
'test-1-autoplot.R:157:3', 'test-1-autoplot.R:189:3',
'test-1-autoplot.R:224:3', 'test-1-autoplot.R:257:3',
'test-1-autoplot.R:268:3', 'test-1-autoplot.R:315:3',
'test-1-autoplot.R:343:3', 'test-1-autoplot.R:377:3',
'test-2-autoplot.R:129:3', 'test-2-autoplot.R:182:3',
'test-2-autoplot.R:204:3', 'test-2-autoplot.R:246:3',
'test-2-autoplot.R:300:3', 'test-2-autoplot.R:352:3',
'test-autoplot_buffer.R:19:3', 'test-mlr3pipelines-graph-integration.R:5:3'
• On Linux (2): 'test-2-autoplot.R:8:3', 'test-2-autoplot.R:54:3'
• empty test (1): 'test-helper-DataBackend.R:1:1'
══ Failed tests ════════════════════════════════════════════════════════════════
── Error ('test-autotuner.R:22:3'): AutoTuner works with sptcv methods ─────────
Error in `.__TunerRandomSearch__initialize(self = self, private = private,
super = super)`: object 'OptimizerRandomSearch' not found
Backtrace:
▆
1. └─mlr3tuning::tnr("random_search") at test-autotuner.R:22:3
2. └─mlr3misc::dictionary_sugar_get(mlr_tuners, .key, ...)
3. └─mlr3misc:::dictionary_get(dict, .key)
4. └─mlr3misc:::dictionary_initialize_item(key, obj, dots)
5. ├─base::do.call(constructor$new, cargs)
6. └─R6 (local) `<fn>`()
7. └─mlr3tuning (local) initialize(...)
8. └─mlr3tuning:::.__TunerRandomSearch__initialize(...)
9. └─super$initialize(optimizer = OptimizerRandomSearch$new(), man = "mlr3tuning::mlr_tuners_random_search")
10. └─mlr3tuning:::.__TunerFromOptimizer__initialize(...)
11. └─bbotk::assert_optimizer(optimizer)
12. └─checkmate::assert_r6(optimizer, "Optimizer")
13. └─checkmate::checkR6(...)
[ FAIL 1 | WARN 0 | SKIP 23 | PASS 1211 ]
Deleting unused snapshots:
• 1-autoplot/autoplot-show-blocks-true-show-labels-true.svg
• 1-autoplot/custom-cv-fold-1-2-sample-fold-n.svg
• 1-autoplot/custom-cv-fold-1-2.svg
• 1-autoplot/custom-cv-fold-1-sample-fold-n.svg
• 1-autoplot/custom-cv-fold-1.svg
• 1-autoplot/custom-cv-sample-fold-n.svg
• 1-autoplot/cv-fold-1-2-groups-col-role.svg
• 1-autoplot/cv-fold-1-2-sample-fold-n.svg
• 1-autoplot/cv-fold-1-2.svg
• 1-autoplot/cv-fold-1-groups-col-role.svg
• 1-autoplot/cv-fold-1-sample-fold-n.svg
• 1-autoplot/cv-fold-1.svg
• 1-autoplot/cv-sample-fold-n.svg
• 1-autoplot/repcv-fold-1-2-rep-1.svg
• 1-autoplot/repcv-fold-1-2-rep-2.svg
• 1-autoplot/repcv-fold-1-rep-1.svg
• 1-autoplot/repcv-fold-1-rep-2.svg
• 1-autoplot/repspcvblock-fold-1-2-rep-1.svg
• 1-autoplot/repspcvblock-fold-1-2-rep-2.svg
• 1-autoplot/repspcvblock-fold-1-rep-1.svg
• 1-autoplot/repspcvblock-fold-1-rep-2.svg
• 1-autoplot/repspcvcoords-fold-1-2-rep-1.svg
• 1-autoplot/repspcvcoords-fold-1-2-rep-2.svg
• 1-autoplot/repspcvcoords-fold-1-2-sample-fold-n.svg
• 1-autoplot/repspcvcoords-fold-1-rep-1.svg
• 1-autoplot/repspcvcoords-fold-1-rep-2.svg
• 1-autoplot/repspcvcoords-fold-1-sample-fold-n.svg
• 1-autoplot/repspcvcoords-sample-fold-n.svg
• 1-autoplot/repspcvenv-fold-1-2-rep-1.svg
• 1-autoplot/repspcvenv-fold-1-2-rep-2.svg
• 1-autoplot/repspcvenv-fold-1-rep-1.svg
• 1-autoplot/repspcvenv-fold-1-rep-2.svg
• 1-autoplot/spcvblock-fold-1-2-sample-fold-n.svg
• 1-autoplot/spcvblock-fold-1-2.svg
• 1-autoplot/spcvblock-fold-1-sample-fold-n.svg
• 1-autoplot/spcvblock-fold-1.svg
• 1-autoplot/spcvblock-sample-fold-n.svg
• 1-autoplot/spcvcoords-fold-1-2.svg
• 1-autoplot/spcvcoords-fold-1.svg
• 1-autoplot/spcvenv-fold-1-2-sample-fold-n.svg
• 1-autoplot/spcvenv-fold-1-2.svg
• 1-autoplot/spcvenv-fold-1-sample-fold-n.svg
• 1-autoplot/spcvenv-fold-1.svg
• 1-autoplot/spcvenv-sample-fold-n.svg
• 2-autoplot/repspcvdisc-fold-1-2-rep-2.svg
• 2-autoplot/repspcvdisc-fold-1-2-sample-fold-n.svg
• 2-autoplot/repspcvdisc-fold-1-rep-1-sample-n-fold.svg
• 2-autoplot/repspcvdisc-fold-1-rep-2.svg
• 2-autoplot/repspcvdisc-fold-1-sample-fold-n.svg
• 2-autoplot/repspcvdisc-sample-fold-n.svg
• 2-autoplot/repspcvknndm-fold-1-2-rep-2.svg
• 2-autoplot/repspcvknndm-fold-1-2-sample-fold-n.svg
• 2-autoplot/repspcvknndm-fold-1-rep-1-sample-n-fold.svg
• 2-autoplot/repspcvknndm-fold-1-rep-2.svg
• 2-autoplot/repspcvknndm-fold-1-sample-fold-n.svg
• 2-autoplot/repspcvknndm-sample-fold-n.svg
• 2-autoplot/repspcvtiles-fold-1-2-rep-2.svg
• 2-autoplot/repspcvtiles-fold-1-2-sample-fold-n.svg
• 2-autoplot/repspcvtiles-fold-1-2.svg
• 2-autoplot/repspcvtiles-fold-1-rep-2.svg
• 2-autoplot/repspcvtiles-fold-1-sample-fold-n.svg
• 2-autoplot/repspcvtiles-fold-1.svg
• 2-autoplot/repspcvtiles-sample-fold-n.svg
• 2-autoplot/repspcvtiles-show-omitted.svg
• 2-autoplot/repsptcvcstf-2d-space-var-fold-1-2-rep-2.svg
• 2-autoplot/repsptcvcstf-2d-space-var-fold-1-rep-2.svg
• 2-autoplot/repsptcvcstf-fold-1-2-rep-1.svg
• 2-autoplot/repsptcvcstf-fold-1-2-rep-2.svg
• 2-autoplot/repsptcvcstf-fold-1-rep-1-sample-fold-n.svg
• 2-autoplot/repsptcvcstf-fold-1-rep-2.svg
• 2-autoplot/spcvdisc-fold-1-2.svg
• 2-autoplot/spcvdisc-fold-1.svg
• 2-autoplot/spcvdisc-show-omitted.svg
• 2-autoplot/spcvknndm-fold-1-2.svg
• 2-autoplot/spcvknndm-fold-1.svg
• 2-autoplot/sptcvcstf-2d-space-var-all-test-sets.svg
• 2-autoplot/sptcvcstf-2d-space-var-fold-1-2.svg
• 2-autoplot/sptcvcstf-2d-space-var-fold-1.svg
• 2-autoplot/sptcvcstf-2d-time-var-all-test-sets.svg
• 2-autoplot/sptcvcstf-2d-time-var-fold-1-2-rep-2.svg
• 2-autoplot/sptcvcstf-2d-time-var-fold-1-2-sample-fold-n.svg
• 2-autoplot/sptcvcstf-2d-time-var-fold-1-2.svg
• 2-autoplot/sptcvcstf-2d-time-var-fold-1-rep-2.svg
• 2-autoplot/sptcvcstf-2d-time-var-fold-1-sample-fold-n.svg
• 2-autoplot/sptcvcstf-2d-time-var-fold-1.svg
• 2-autoplot/sptcvcstf-2d-time-var-sample-fold-n.svg
• 2-autoplot/sptcvcstf-3d-time-var-fold-1-2-sample-fold-n.svg
• 2-autoplot/sptcvcstf-3d-time-var-fold-1-2.svg
• 2-autoplot/sptcvcstf-3d-time-var-fold-1-sample-fold-n.svg
• autoplot_buffer/spcvbuffer-fold-1-2.svg
Error: Test failures
Execution halted
Flavor: r-devel-linux-x86_64-fedora-gcc