Last updated on 2024-06-30 00:59:19 CEST.
Flavor | Version | Tinstall | Tcheck | Ttotal | Status | Flags |
---|---|---|---|---|---|---|
r-devel-linux-x86_64-debian-clang | 0.1.1 | 367.65 | 87.43 | 455.08 | OK | |
r-devel-linux-x86_64-debian-gcc | 0.1.1 | 239.64 | 61.20 | 300.84 | OK | |
r-devel-linux-x86_64-fedora-clang | 0.1.1 | 684.51 | OK | |||
r-devel-linux-x86_64-fedora-gcc | 0.1.1 | 701.68 | OK | |||
r-devel-windows-x86_64 | 0.1.1 | 271.00 | 102.00 | 373.00 | OK | |
r-patched-linux-x86_64 | 0.1.1 | 304.57 | 80.17 | 384.74 | OK | |
r-release-linux-x86_64 | 0.1.1 | 216.76 | 79.34 | 296.10 | OK | |
r-release-macos-arm64 | 0.1.1 | 118.00 | NOTE | |||
r-release-macos-x86_64 | 0.1.1 | 116.00 | NOTE | |||
r-release-windows-x86_64 | 0.1.1 | 285.00 | 110.00 | 395.00 | OK | |
r-oldrel-macos-arm64 | 0.1.1 | 153.00 | NOTE | |||
r-oldrel-macos-x86_64 | 0.1.1 | 249.00 | NOTE | |||
r-oldrel-windows-x86_64 | 0.1.1 | 338.00 | 131.00 | 469.00 | OK |
Version: 0.1.1
Check: installed package size
Result: NOTE
installed size is 16.8Mb
sub-directories of 1Mb or more:
doc 1.3Mb
libs 15.0Mb
Flavors: r-release-macos-arm64, r-release-macos-x86_64, r-oldrel-macos-arm64, r-oldrel-macos-x86_64