Last updated on 2024-06-30 00:59:19 CEST.
Flavor | Version | Tinstall | Tcheck | Ttotal | Status | Flags |
---|---|---|---|---|---|---|
r-devel-linux-x86_64-debian-clang | 2.0.3 | 60.89 | 34.13 | 95.02 | NOTE | |
r-devel-linux-x86_64-debian-gcc | 2.0.3 | 52.50 | 30.54 | 83.04 | NOTE | |
r-devel-linux-x86_64-fedora-clang | 2.0.3 | 139.16 | NOTE | |||
r-devel-linux-x86_64-fedora-gcc | 2.0.3 | 160.32 | NOTE | |||
r-devel-windows-x86_64 | 2.0.3 | 62.00 | 72.00 | 134.00 | NOTE | |
r-patched-linux-x86_64 | 2.0.3 | 66.49 | 37.53 | 104.02 | NOTE | |
r-release-linux-x86_64 | 2.0.3 | 65.52 | 37.70 | 103.22 | NOTE | |
r-release-macos-arm64 | 2.0.3 | 36.00 | NOTE | |||
r-release-macos-x86_64 | 2.0.3 | 52.00 | NOTE | |||
r-release-windows-x86_64 | 2.0.3 | 61.00 | 64.00 | 125.00 | NOTE | |
r-oldrel-macos-arm64 | 2.0.3 | 38.00 | NOTE | |||
r-oldrel-macos-x86_64 | 2.0.3 | 62.00 | NOTE | |||
r-oldrel-windows-x86_64 | 2.0.3 | 77.00 | 82.00 | 159.00 | NOTE |
Version: 2.0.3
Check: C++ specification
Result: NOTE
Specified C++14: please drop specification unless essential
Flavors: r-devel-linux-x86_64-debian-clang, r-devel-linux-x86_64-debian-gcc, r-devel-linux-x86_64-fedora-clang, r-devel-linux-x86_64-fedora-gcc, r-devel-windows-x86_64, r-patched-linux-x86_64, r-release-linux-x86_64, r-release-macos-arm64, r-release-macos-x86_64, r-release-windows-x86_64, r-oldrel-macos-arm64, r-oldrel-macos-x86_64, r-oldrel-windows-x86_64
Version: 2.0.3
Check: installed package size
Result: NOTE
installed size is 29.9Mb
sub-directories of 1Mb or more:
libs 29.8Mb
Flavors: r-release-macos-arm64, r-release-macos-x86_64, r-oldrel-macos-arm64, r-oldrel-macos-x86_64