Last updated on 2024-06-16 11:58:01 CEST.
Flavor | Version | Tinstall | Tcheck | Ttotal | Status | Flags |
---|---|---|---|---|---|---|
r-devel-linux-x86_64-debian-clang | 0.1 | 36.02 | 27.84 | 63.86 | NOTE | |
r-devel-linux-x86_64-debian-gcc | 0.1 | 20.70 | 21.28 | 41.98 | NOTE | |
r-devel-linux-x86_64-fedora-clang | 0.1 | 86.97 | NOTE | |||
r-devel-linux-x86_64-fedora-gcc | 0.1 | 84.57 | NOTE | |||
r-devel-windows-x86_64 | 0.1 | 26.00 | 60.00 | 86.00 | NOTE | |
r-patched-linux-x86_64 | 0.1 | 26.25 | 27.58 | 53.83 | NOTE | |
r-release-linux-x86_64 | 0.1 | 26.39 | 27.40 | 53.79 | NOTE | |
r-release-macos-arm64 | 0.1 | 23.00 | NOTE | |||
r-release-macos-x86_64 | 0.1 | 31.00 | NOTE | |||
r-release-windows-x86_64 | 0.1 | 24.00 | 61.00 | 85.00 | NOTE | |
r-oldrel-macos-arm64 | 0.1 | 23.00 | NOTE | |||
r-oldrel-macos-x86_64 | 0.1 | 38.00 | NOTE | |||
r-oldrel-windows-x86_64 | 0.1 | 32.00 | 71.00 | 103.00 | NOTE |
Version: 0.1
Check: LazyData
Result: NOTE
'LazyData' is specified without a 'data' directory
Flavors: r-devel-linux-x86_64-debian-clang, r-devel-linux-x86_64-debian-gcc, r-devel-linux-x86_64-fedora-clang, r-devel-linux-x86_64-fedora-gcc, r-devel-windows-x86_64, r-patched-linux-x86_64, r-release-linux-x86_64, r-release-macos-arm64, r-release-macos-x86_64, r-release-windows-x86_64, r-oldrel-macos-arm64, r-oldrel-macos-x86_64, r-oldrel-windows-x86_64