Last updated on 2024-06-30 00:59:19 CEST.
Flavor | Version | Tinstall | Tcheck | Ttotal | Status | Flags |
---|---|---|---|---|---|---|
r-devel-linux-x86_64-debian-clang | 1.0.0 | 1.56 | 32.44 | 34.00 | OK | |
r-devel-linux-x86_64-debian-gcc | 1.0.0 | 1.25 | 24.04 | 25.29 | OK | |
r-devel-linux-x86_64-fedora-clang | 1.0.0 | 42.82 | NOTE | |||
r-devel-linux-x86_64-fedora-gcc | 1.0.0 | 39.32 | NOTE | |||
r-devel-windows-x86_64 | 1.0.0 | 3.00 | 44.00 | 47.00 | OK | |
r-patched-linux-x86_64 | 1.0.0 | 6.05 | 30.66 | 36.71 | OK | |
r-release-linux-x86_64 | 1.0.0 | 2.14 | 30.02 | 32.16 | OK | |
r-release-macos-arm64 | 1.0.0 | 16.00 | OK | |||
r-release-macos-x86_64 | 1.0.0 | 25.00 | OK | |||
r-release-windows-x86_64 | 1.0.0 | 3.00 | 46.00 | 49.00 | OK | |
r-oldrel-macos-arm64 | 1.0.0 | 27.00 | OK | |||
r-oldrel-macos-x86_64 | 1.0.0 | 31.00 | OK | |||
r-oldrel-windows-x86_64 | 1.0.0 | 3.00 | 50.00 | 53.00 | OK |
Version: 1.0.0
Check: dependencies in R code
Result: NOTE
Namespace in Imports field not imported from: ‘MASS’
All declared Imports should be used.
Flavors: r-devel-linux-x86_64-fedora-clang, r-devel-linux-x86_64-fedora-gcc