Last updated on 2025-04-16 04:51:01 CEST.
Flavor | Version | Tinstall | Tcheck | Ttotal | Status | Flags |
---|---|---|---|---|---|---|
r-devel-linux-x86_64-debian-clang | 0.2.3 | 24.14 | 244.72 | 268.86 | OK | |
r-devel-linux-x86_64-debian-gcc | 0.2.3 | 17.81 | 179.10 | 196.91 | OK | |
r-devel-linux-x86_64-fedora-clang | 0.2.3 | 450.54 | NOTE | |||
r-devel-linux-x86_64-fedora-gcc | 0.2.3 | 442.23 | NOTE | |||
r-devel-windows-x86_64 | 0.2.3 | 25.00 | 210.00 | 235.00 | OK | |
r-patched-linux-x86_64 | 0.2.3 | 20.88 | 237.42 | 258.30 | OK | |
r-release-linux-x86_64 | 0.2.3 | 22.14 | 235.15 | 257.29 | OK | |
r-release-macos-arm64 | 0.2.3 | 136.00 | OK | |||
r-release-macos-x86_64 | 0.2.3 | 262.00 | OK | |||
r-release-windows-x86_64 | 0.2.3 | 25.00 | 204.00 | 229.00 | OK | |
r-oldrel-macos-arm64 | 0.2.3 | 137.00 | OK | |||
r-oldrel-macos-x86_64 | 0.2.3 | 203.00 | OK | |||
r-oldrel-windows-x86_64 | 0.2.3 | 34.00 | 288.00 | 322.00 | OK |
Version: 0.2.3
Check: dependencies in R code
Result: NOTE
Namespaces in Imports field not imported from:
‘crayon’ ‘dials’ ‘glue’ ‘parsnip’
All declared Imports should be used.
Flavors: r-devel-linux-x86_64-fedora-clang, r-devel-linux-x86_64-fedora-gcc