Last updated on 2024-06-09 23:49:49 CEST.
Flavor | Version | Tinstall | Tcheck | Ttotal | Status | Flags |
---|---|---|---|---|---|---|
r-devel-linux-x86_64-debian-clang | 4.2.4 | 67.21 | 578.79 | 646.00 | NOTE | |
r-devel-linux-x86_64-debian-gcc | 4.2.4 | NOTE | ||||
r-devel-linux-x86_64-fedora-clang | 4.2.4 | 800.83 | NOTE | |||
r-devel-linux-x86_64-fedora-gcc | 4.2.4 | 766.71 | NOTE | |||
r-devel-windows-x86_64 | 4.2.4 | 57.00 | 420.00 | 477.00 | NOTE | |
r-patched-linux-x86_64 | 4.2.4 | 76.53 | 409.66 | 486.19 | NOTE | |
r-release-linux-x86_64 | 4.2.4 | 60.03 | 551.33 | 611.36 | NOTE | |
r-release-macos-arm64 | 4.2.4 | 181.00 | NOTE | |||
r-release-macos-x86_64 | 4.2.4 | 300.00 | NOTE | |||
r-release-windows-x86_64 | 4.2.4 | 55.00 | 447.00 | 502.00 | NOTE | |
r-oldrel-macos-arm64 | 4.2.4 | 168.00 | NOTE | |||
r-oldrel-macos-x86_64 | 4.2.4 | 463.00 | NOTE | |||
r-oldrel-windows-x86_64 | 4.2.4 | 72.00 | 580.00 | 652.00 | OK |
Version: 4.2.4
Check: Rd files
Result: NOTE
checkRd: (-1) brownian.motion.variance.dyn.Rd:39: Lost braces
39 | \link{brownian.bridge.dyn}, link{dynBGBvariance}
| ^
Flavors: r-devel-linux-x86_64-debian-clang, r-devel-linux-x86_64-debian-gcc, r-devel-linux-x86_64-fedora-clang, r-devel-linux-x86_64-fedora-gcc, r-devel-windows-x86_64, r-patched-linux-x86_64, r-release-linux-x86_64, r-release-macos-arm64, r-release-macos-x86_64, r-release-windows-x86_64
Version: 4.2.4
Check: installed package size
Result: NOTE
installed size is 5.4Mb
sub-directories of 1Mb or more:
R 2.1Mb
Flavors: r-release-macos-arm64, r-release-macos-x86_64, r-oldrel-macos-arm64, r-oldrel-macos-x86_64
Version: 4.2.4
Check: package dependencies
Result: NOTE
Packages suggested but not available for checking: 'ctmm', 'amt'
Flavor: r-oldrel-macos-x86_64
Version: 4.2.4
Check: Rd cross-references
Result: NOTE
Packages unavailable to check Rd xrefs: ‘ctmm’, ‘amt’
Flavor: r-oldrel-macos-x86_64