Last updated on 2024-06-30 00:59:19 CEST.
Flavor | Version | Tinstall | Tcheck | Ttotal | Status | Flags |
---|---|---|---|---|---|---|
r-devel-linux-x86_64-debian-clang | 0.5.1 | 636.87 | 190.83 | 827.70 | NOTE | |
r-devel-linux-x86_64-debian-gcc | 0.5.1 | 589.49 | 181.17 | 770.66 | NOTE | |
r-devel-linux-x86_64-fedora-clang | 0.5.1 | 1056.30 | NOTE | |||
r-devel-linux-x86_64-fedora-gcc | 0.5.1 | 1502.00 | NOTE | |||
r-devel-windows-x86_64 | 0.5.1 | 530.00 | 205.00 | 735.00 | NOTE | |
r-patched-linux-x86_64 | 0.5.1 | 501.38 | 234.31 | 735.69 | NOTE | |
r-release-linux-x86_64 | 0.5.1 | 528.46 | 237.67 | 766.13 | NOTE | |
r-release-macos-arm64 | 0.5.1 | 261.00 | NOTE | |||
r-release-macos-x86_64 | 0.5.1 | 219.00 | NOTE | |||
r-release-windows-x86_64 | 0.5.1 | 521.00 | 201.00 | 722.00 | NOTE | |
r-oldrel-macos-arm64 | 0.5.1 | 217.00 | NOTE | |||
r-oldrel-macos-x86_64 | 0.5.1 | 435.00 | NOTE | |||
r-oldrel-windows-x86_64 | 0.5.1 | 661.00 | 249.00 | 910.00 | NOTE |
Version: 0.5.1
Check: Rd files
Result: NOTE
checkRd: (-1) mvmr_egger_rjags.Rd:51-59: Lost braces
51 | if (requireNamespace("rjags", quietly = TRUE)) {
| ^
Flavors: r-devel-linux-x86_64-debian-clang, r-devel-linux-x86_64-debian-gcc, r-devel-linux-x86_64-fedora-clang, r-devel-linux-x86_64-fedora-gcc, r-devel-windows-x86_64, r-patched-linux-x86_64, r-release-linux-x86_64, r-release-macos-arm64, r-release-macos-x86_64, r-release-windows-x86_64
Version: 0.5.1
Check: for GNU extensions in Makefiles
Result: NOTE
GNU make is a SystemRequirements.
Flavors: r-devel-linux-x86_64-debian-clang, r-devel-linux-x86_64-debian-gcc, r-devel-linux-x86_64-fedora-clang, r-devel-linux-x86_64-fedora-gcc, r-devel-windows-x86_64, r-patched-linux-x86_64, r-release-linux-x86_64, r-release-macos-arm64, r-release-macos-x86_64, r-release-windows-x86_64, r-oldrel-macos-arm64, r-oldrel-macos-x86_64, r-oldrel-windows-x86_64
Version: 0.5.1
Check: installed package size
Result: NOTE
installed size is 5.9Mb
sub-directories of 1Mb or more:
libs 5.5Mb
Flavors: r-devel-linux-x86_64-fedora-clang, r-release-macos-arm64, r-release-macos-x86_64, r-oldrel-macos-arm64, r-oldrel-macos-x86_64
Version: 0.5.1
Check: dependencies in R code
Result: NOTE
Namespace in Imports field not imported from: ‘rstantools’
All declared Imports should be used.
Flavors: r-devel-linux-x86_64-fedora-clang, r-devel-linux-x86_64-fedora-gcc