Last updated on 2024-06-30 00:59:19 CEST.
Flavor | Version | Tinstall | Tcheck | Ttotal | Status | Flags |
---|---|---|---|---|---|---|
r-devel-linux-x86_64-debian-clang | 1.0.5 | 43.37 | 205.66 | 249.03 | OK | |
r-devel-linux-x86_64-debian-gcc | 1.0.5 | 32.86 | 140.82 | 173.68 | OK | |
r-devel-linux-x86_64-fedora-clang | 1.0.5 | 298.75 | OK | |||
r-devel-linux-x86_64-fedora-gcc | 1.0.5 | 355.52 | OK | |||
r-devel-windows-x86_64 | 1.0.5 | 35.00 | 183.00 | 218.00 | OK | |
r-patched-linux-x86_64 | 1.0.5 | 39.38 | 186.33 | 225.71 | OK | |
r-release-linux-x86_64 | 1.0.5 | 42.72 | 189.10 | 231.82 | OK | |
r-release-macos-arm64 | 1.0.5 | 71.00 | NOTE | |||
r-release-macos-x86_64 | 1.0.5 | 162.00 | NOTE | |||
r-release-windows-x86_64 | 1.0.5 | 32.00 | 180.00 | 212.00 | OK | |
r-oldrel-macos-arm64 | 1.0.5 | 82.00 | NOTE | |||
r-oldrel-macos-x86_64 | 1.0.5 | 146.00 | NOTE | |||
r-oldrel-windows-x86_64 | 1.0.5 | 34.00 | 229.00 | 263.00 | OK |
Version: 1.0.5
Check: installed package size
Result: NOTE
installed size is 6.5Mb
sub-directories of 1Mb or more:
libs 5.9Mb
Flavors: r-release-macos-arm64, r-release-macos-x86_64, r-oldrel-macos-arm64, r-oldrel-macos-x86_64