Last updated on 2024-06-30 00:59:19 CEST.
Flavor | Version | Tinstall | Tcheck | Ttotal | Status | Flags |
---|---|---|---|---|---|---|
r-devel-linux-x86_64-debian-clang | 2.0.3 | 2.75 | 32.71 | 35.46 | OK | |
r-devel-linux-x86_64-debian-gcc | 2.0.3 | 1.55 | 24.04 | 25.59 | OK | |
r-devel-linux-x86_64-fedora-clang | 2.0.3 | 45.69 | NOTE | |||
r-devel-linux-x86_64-fedora-gcc | 2.0.3 | 44.93 | NOTE | |||
r-devel-windows-x86_64 | 2.0.3 | 3.00 | 46.00 | 49.00 | OK | |
r-patched-linux-x86_64 | 2.0.3 | 2.40 | 31.12 | 33.52 | OK | |
r-release-linux-x86_64 | 2.0.3 | 2.09 | 31.53 | 33.62 | OK | |
r-release-macos-arm64 | 2.0.3 | 18.00 | OK | |||
r-release-macos-x86_64 | 2.0.3 | 29.00 | OK | |||
r-release-windows-x86_64 | 2.0.3 | 3.00 | 50.00 | 53.00 | OK | |
r-oldrel-macos-arm64 | 2.0.3 | 20.00 | OK | |||
r-oldrel-macos-x86_64 | 2.0.3 | 44.00 | OK | |||
r-oldrel-windows-x86_64 | 2.0.3 | 4.00 | 53.00 | 57.00 | OK |
Version: 2.0.3
Check: data for non-ASCII characters
Result: NOTE
Note: found 1 marked UTF-8 string
Flavors: r-devel-linux-x86_64-fedora-clang, r-devel-linux-x86_64-fedora-gcc