Last updated on 2024-08-16 09:49:10 CEST.
Flavor | Version | Tinstall | Tcheck | Ttotal | Status | Flags |
---|---|---|---|---|---|---|
r-devel-linux-x86_64-debian-clang | 1.7.1 | 22.88 | 212.76 | 235.64 | WARN | |
r-devel-linux-x86_64-debian-gcc | 1.7.1 | 15.19 | 137.32 | 152.51 | WARN | |
r-devel-linux-x86_64-fedora-clang | 1.7.1 | 373.88 | WARN | |||
r-devel-linux-x86_64-fedora-gcc | 1.7.1 | 370.07 | WARN | |||
r-devel-windows-x86_64 | 1.7.1 | 27.00 | 246.00 | 273.00 | WARN | |
r-patched-linux-x86_64 | 1.7.1 | 22.19 | 200.34 | 222.53 | NOTE | |
r-release-linux-x86_64 | 1.7.1 | 23.22 | 204.07 | 227.29 | NOTE | |
r-release-macos-arm64 | 1.7.1 | 105.00 | OK | |||
r-release-macos-x86_64 | 1.7.1 | 171.00 | OK | |||
r-release-windows-x86_64 | 1.7.1 | 26.00 | 242.00 | 268.00 | NOTE | |
r-oldrel-macos-arm64 | 1.7.1 | 121.00 | OK | |||
r-oldrel-macos-x86_64 | 1.7.1 | 320.00 | OK | |||
r-oldrel-windows-x86_64 | 1.7.1 | 32.00 | 298.00 | 330.00 | OK |
Version: 1.7.1
Check: ‘build’ directory
Result: WARN
Source(s) listed in 'build/vignette.rds' but not in package:
‘msm-manual.Rnw’
Flavors: r-devel-linux-x86_64-debian-clang, r-devel-linux-x86_64-debian-gcc, r-devel-linux-x86_64-fedora-clang, r-devel-linux-x86_64-fedora-gcc, r-devel-windows-x86_64
Version: 1.7.1
Check: Rd cross-references
Result: NOTE
Found the following Rd file(s) with Rd \link{} targets missing package
anchors:
MatrixExp.Rd: expm
plotprog.msm.Rd: lines.survfit
Please provide package anchors for all Rd \link{} targets not in the
package itself and the base packages.
Flavors: r-devel-linux-x86_64-debian-clang, r-devel-linux-x86_64-debian-gcc, r-devel-windows-x86_64
Version: 1.7.1
Check: HTML version of manual
Result: NOTE
Found the following HTML validation problems:
tnorm.html:113:32 (tnorm.Rd:74): Warning: trimming empty <code>
Flavors: r-devel-linux-x86_64-debian-clang, r-devel-linux-x86_64-debian-gcc, r-devel-linux-x86_64-fedora-clang, r-devel-linux-x86_64-fedora-gcc, r-devel-windows-x86_64, r-patched-linux-x86_64, r-release-linux-x86_64, r-release-windows-x86_64