Last updated on 2024-06-30 00:59:19 CEST.
Flavor | Version | Tinstall | Tcheck | Ttotal | Status | Flags |
---|---|---|---|---|---|---|
r-devel-linux-x86_64-debian-clang | 1.2.0 | 24.74 | 293.00 | 317.74 | NOTE | |
r-devel-linux-x86_64-debian-gcc | 1.2.0 | 15.41 | 251.54 | 266.95 | NOTE | |
r-devel-linux-x86_64-fedora-clang | 1.2.0 | 493.92 | NOTE | |||
r-devel-linux-x86_64-fedora-gcc | 1.2.0 | 481.26 | NOTE | |||
r-devel-windows-x86_64 | 1.2.0 | 21.00 | 237.00 | 258.00 | NOTE | |
r-patched-linux-x86_64 | 1.2.0 | 18.17 | 330.26 | 348.43 | NOTE | |
r-release-linux-x86_64 | 1.2.0 | 20.57 | 313.63 | 334.20 | NOTE | |
r-release-macos-arm64 | 1.2.0 | 110.00 | NOTE | |||
r-release-macos-x86_64 | 1.2.0 | 180.00 | NOTE | |||
r-release-windows-x86_64 | 1.2.0 | 21.00 | 238.00 | 259.00 | NOTE | |
r-oldrel-macos-arm64 | 1.2.0 | 134.00 | NOTE | |||
r-oldrel-macos-x86_64 | 1.2.0 | 223.00 | NOTE | |||
r-oldrel-windows-x86_64 | 1.2.0 | 24.00 | 329.00 | 353.00 | NOTE |
Version: 1.2.0
Check: C++ specification
Result: NOTE
Specified C++11: please drop specification unless essential
Flavors: r-devel-linux-x86_64-debian-clang, r-devel-linux-x86_64-debian-gcc, r-devel-linux-x86_64-fedora-clang, r-devel-linux-x86_64-fedora-gcc, r-devel-windows-x86_64, r-patched-linux-x86_64, r-release-linux-x86_64, r-release-macos-arm64, r-release-macos-x86_64, r-release-windows-x86_64, r-oldrel-macos-arm64, r-oldrel-macos-x86_64, r-oldrel-windows-x86_64