Last updated on 2024-06-30 00:59:19 CEST.
Flavor | Version | Tinstall | Tcheck | Ttotal | Status | Flags |
---|---|---|---|---|---|---|
r-devel-linux-x86_64-debian-clang | 0.1.1 | 108.76 | 56.61 | 165.37 | OK | |
r-devel-linux-x86_64-debian-gcc | 0.1.1 | 71.97 | 41.13 | 113.10 | OK | |
r-devel-linux-x86_64-fedora-clang | 0.1.1 | 233.83 | OK | |||
r-devel-linux-x86_64-fedora-gcc | 0.1.1 | 238.22 | OK | |||
r-devel-windows-x86_64 | 0.1.1 | 85.00 | 86.00 | 171.00 | OK | |
r-patched-linux-x86_64 | 0.1.1 | 92.19 | 53.29 | 145.48 | OK | |
r-release-linux-x86_64 | 0.1.1 | 93.88 | 54.15 | 148.03 | OK | |
r-release-macos-arm64 | 0.1.1 | 50.00 | OK | |||
r-release-macos-x86_64 | 0.1.1 | 57.00 | OK | |||
r-release-windows-x86_64 | 0.1.1 | 85.00 | 87.00 | 172.00 | OK | |
r-oldrel-macos-arm64 | 0.1.1 | 129.00 | NOTE | |||
r-oldrel-macos-x86_64 | 0.1.1 | 62.00 | OK | |||
r-oldrel-windows-x86_64 | 0.1.1 | 101.00 | 104.00 | 205.00 | OK |
Version: 0.1.1
Check: installed package size
Result: NOTE
installed size is 5.1Mb
sub-directories of 1Mb or more:
libs 4.9Mb
Flavor: r-oldrel-macos-arm64