Last updated on 2024-06-30 00:59:19 CEST.
Flavor | Version | Tinstall | Tcheck | Ttotal | Status | Flags |
---|---|---|---|---|---|---|
r-devel-linux-x86_64-debian-clang | 1.2.2 | 11.77 | 156.84 | 168.61 | NOTE | |
r-devel-linux-x86_64-debian-gcc | 1.2.2 | 8.86 | 112.52 | 121.38 | NOTE | |
r-devel-linux-x86_64-fedora-clang | 1.2.2 | 219.37 | NOTE | |||
r-devel-linux-x86_64-fedora-gcc | 1.2.2 | 223.84 | NOTE | |||
r-devel-windows-x86_64 | 1.2.2 | 12.00 | 124.00 | 136.00 | NOTE | |
r-patched-linux-x86_64 | 1.2.2 | 12.26 | 145.05 | 157.31 | NOTE | |
r-release-linux-x86_64 | 1.2.2 | 9.94 | 147.60 | 157.54 | NOTE | |
r-release-macos-arm64 | 1.2.2 | 68.00 | NOTE | |||
r-release-macos-x86_64 | 1.2.2 | 119.00 | NOTE | |||
r-release-windows-x86_64 | 1.2.2 | 13.00 | 122.00 | 135.00 | NOTE | |
r-oldrel-macos-arm64 | 1.2.2 | 67.00 | NOTE | |||
r-oldrel-macos-x86_64 | 1.2.2 | 102.00 | NOTE | |||
r-oldrel-windows-x86_64 | 1.2.2 | 14.00 | 155.00 | 169.00 | NOTE |
Version: 1.2.2
Check: Rd files
Result: NOTE
checkRd: (-1) bal.Rd:156: Escaped LaTeX specials: \&
Flavors: r-devel-linux-x86_64-debian-clang, r-devel-linux-x86_64-debian-gcc, r-devel-linux-x86_64-fedora-clang, r-devel-linux-x86_64-fedora-gcc, r-devel-windows-x86_64, r-patched-linux-x86_64, r-release-linux-x86_64, r-release-macos-arm64, r-release-macos-x86_64, r-release-windows-x86_64, r-oldrel-macos-arm64, r-oldrel-macos-x86_64, r-oldrel-windows-x86_64
Version: 1.2.2
Check: dependencies in R code
Result: NOTE
Namespace in Imports field not imported from: ‘Rdpack’
All declared Imports should be used.
Flavors: r-devel-linux-x86_64-fedora-clang, r-devel-linux-x86_64-fedora-gcc