Last updated on 2024-06-30 00:59:20 CEST.
Flavor | Version | Tinstall | Tcheck | Ttotal | Status | Flags |
---|---|---|---|---|---|---|
r-devel-linux-x86_64-debian-clang | 0.1.1 | 3.97 | 34.72 | 38.69 | NOTE | |
r-devel-linux-x86_64-debian-gcc | 0.1.1 | 3.12 | 25.75 | 28.87 | NOTE | |
r-devel-linux-x86_64-fedora-clang | 0.1.1 | 47.49 | NOTE | |||
r-devel-linux-x86_64-fedora-gcc | 0.1.1 | 44.15 | NOTE | |||
r-devel-windows-x86_64 | 0.1.1 | 4.00 | 54.00 | 58.00 | NOTE | |
r-patched-linux-x86_64 | 0.1.1 | 4.21 | 32.31 | 36.52 | NOTE | |
r-release-linux-x86_64 | 0.1.1 | 3.58 | 32.37 | 35.95 | NOTE | |
r-release-macos-arm64 | 0.1.1 | 37.00 | NOTE | |||
r-release-macos-x86_64 | 0.1.1 | 47.00 | NOTE | |||
r-release-windows-x86_64 | 0.1.1 | 4.00 | 54.00 | 58.00 | NOTE | |
r-oldrel-macos-arm64 | 0.1.1 | 24.00 | NOTE | |||
r-oldrel-macos-x86_64 | 0.1.1 | 33.00 | NOTE | |||
r-oldrel-windows-x86_64 | 0.1.1 | 6.00 | 57.00 | 63.00 | NOTE |
Version: 0.1.1
Check: LazyData
Result: NOTE
'LazyData' is specified without a 'data' directory
Flavors: r-devel-linux-x86_64-debian-clang, r-devel-linux-x86_64-debian-gcc, r-devel-linux-x86_64-fedora-clang, r-devel-linux-x86_64-fedora-gcc, r-devel-windows-x86_64, r-patched-linux-x86_64, r-release-linux-x86_64, r-release-macos-arm64, r-release-macos-x86_64, r-release-windows-x86_64, r-oldrel-macos-arm64, r-oldrel-macos-x86_64, r-oldrel-windows-x86_64
Version: 0.1.1
Check: dependencies in R code
Result: NOTE
Namespace in Imports field not imported from: ‘rjson’
All declared Imports should be used.
Flavors: r-devel-linux-x86_64-fedora-clang, r-devel-linux-x86_64-fedora-gcc