Last updated on 2024-06-30 00:59:20 CEST.
Flavor | Version | Tinstall | Tcheck | Ttotal | Status | Flags |
---|---|---|---|---|---|---|
r-devel-linux-x86_64-debian-clang | 2.0.0 | 18.90 | 261.70 | 280.60 | NOTE | |
r-devel-linux-x86_64-debian-gcc | 2.0.0 | 13.00 | 186.20 | 199.20 | NOTE | |
r-devel-linux-x86_64-fedora-clang | 2.0.0 | 341.26 | NOTE | |||
r-devel-linux-x86_64-fedora-gcc | 2.0.0 | 341.49 | NOTE | |||
r-devel-windows-x86_64 | 2.0.0 | 15.00 | 190.00 | 205.00 | NOTE | |
r-patched-linux-x86_64 | 2.0.0 | 11.87 | 248.46 | 260.33 | NOTE | |
r-release-linux-x86_64 | 2.0.0 | 11.42 | 251.42 | 262.84 | NOTE | |
r-release-macos-arm64 | 2.0.0 | 103.00 | NOTE | |||
r-release-macos-x86_64 | 2.0.0 | 154.00 | NOTE | |||
r-release-windows-x86_64 | 2.0.0 | 15.00 | 189.00 | 204.00 | NOTE | |
r-oldrel-macos-arm64 | 2.0.0 | 108.00 | NOTE | |||
r-oldrel-macos-x86_64 | 2.0.0 | 180.00 | NOTE | |||
r-oldrel-windows-x86_64 | 2.0.0 | 20.00 | 232.00 | 252.00 | NOTE |
Version: 2.0.0
Check: package dependencies
Result: NOTE
Package suggested but not available for checking: ‘gurobi’
Flavors: r-devel-linux-x86_64-debian-clang, r-devel-linux-x86_64-debian-gcc, r-devel-linux-x86_64-fedora-clang, r-devel-linux-x86_64-fedora-gcc, r-devel-windows-x86_64, r-patched-linux-x86_64, r-release-linux-x86_64, r-release-macos-arm64, r-release-macos-x86_64, r-release-windows-x86_64, r-oldrel-macos-arm64, r-oldrel-macos-x86_64, r-oldrel-windows-x86_64