Last updated on 2024-06-30 00:59:20 CEST.
Flavor | Version | Tinstall | Tcheck | Ttotal | Status | Flags |
---|---|---|---|---|---|---|
r-devel-linux-x86_64-debian-clang | 0.0.1 | 92.95 | 201.15 | 294.10 | NOTE | |
r-devel-linux-x86_64-debian-gcc | 0.0.1 | 62.76 | 154.69 | 217.45 | NOTE | |
r-devel-linux-x86_64-fedora-clang | 0.0.1 | 390.77 | NOTE | |||
r-devel-linux-x86_64-fedora-gcc | 0.0.1 | 405.25 | NOTE | |||
r-devel-windows-x86_64 | 0.0.1 | 75.00 | 184.00 | 259.00 | NOTE | |
r-patched-linux-x86_64 | 0.0.1 | 57.37 | 195.95 | 253.32 | NOTE | |
r-release-linux-x86_64 | 0.0.1 | 59.81 | 198.18 | 257.99 | NOTE | |
r-release-macos-arm64 | 0.0.1 | 107.00 | NOTE | |||
r-release-macos-x86_64 | 0.0.1 | 146.00 | NOTE | |||
r-release-windows-x86_64 | 0.0.1 | 73.00 | 183.00 | 256.00 | NOTE | |
r-oldrel-macos-arm64 | 0.0.1 | 98.00 | NOTE | |||
r-oldrel-macos-x86_64 | 0.0.1 | 204.00 | NOTE | |||
r-oldrel-windows-x86_64 | 0.0.1 | 95.00 | 230.00 | 325.00 | NOTE |
Version: 0.0.1
Check: for GNU extensions in Makefiles
Result: NOTE
GNU make is a SystemRequirements.
Flavors: r-devel-linux-x86_64-debian-clang, r-devel-linux-x86_64-debian-gcc, r-devel-linux-x86_64-fedora-clang, r-devel-linux-x86_64-fedora-gcc, r-devel-windows-x86_64, r-patched-linux-x86_64, r-release-linux-x86_64, r-release-macos-arm64, r-release-macos-x86_64, r-release-windows-x86_64, r-oldrel-macos-arm64, r-oldrel-macos-x86_64, r-oldrel-windows-x86_64
Version: 0.0.1
Check: installed package size
Result: NOTE
installed size is 9.0Mb
sub-directories of 1Mb or more:
data 1.5Mb
doc 6.5Mb
Flavors: r-devel-linux-x86_64-fedora-clang, r-devel-windows-x86_64, r-release-macos-arm64, r-release-macos-x86_64, r-release-windows-x86_64, r-oldrel-macos-arm64, r-oldrel-macos-x86_64, r-oldrel-windows-x86_64