Last updated on 2024-06-30 00:59:20 CEST.
Flavor | Version | Tinstall | Tcheck | Ttotal | Status | Flags |
---|---|---|---|---|---|---|
r-devel-linux-x86_64-debian-clang | 1.0.3 | 2.61 | 39.22 | 41.83 | NOTE | |
r-devel-linux-x86_64-debian-gcc | 1.0.3 | 1.95 | 28.80 | 30.75 | NOTE | |
r-devel-linux-x86_64-fedora-clang | 1.0.3 | 53.22 | NOTE | |||
r-devel-linux-x86_64-fedora-gcc | 1.0.3 | 63.10 | NOTE | |||
r-devel-windows-x86_64 | 1.0.3 | 3.00 | 51.00 | 54.00 | NOTE | |
r-patched-linux-x86_64 | 1.0.3 | 2.15 | 36.64 | 38.79 | NOTE | |
r-release-linux-x86_64 | 1.0.3 | 1.84 | 37.84 | 39.68 | NOTE | |
r-release-macos-arm64 | 1.0.3 | 24.00 | NOTE | |||
r-release-macos-x86_64 | 1.0.3 | 45.00 | NOTE | |||
r-release-windows-x86_64 | 1.0.3 | 4.00 | 51.00 | 55.00 | NOTE | |
r-oldrel-macos-arm64 | 1.0.3 | 24.00 | NOTE | |||
r-oldrel-macos-x86_64 | 1.0.3 | 38.00 | NOTE | |||
r-oldrel-windows-x86_64 | 1.0.3 | 3.00 | 54.00 | 57.00 | NOTE |
Version: 1.0.3
Check: LazyData
Result: NOTE
'LazyData' is specified without a 'data' directory
Flavors: r-devel-linux-x86_64-debian-clang, r-devel-linux-x86_64-debian-gcc, r-devel-linux-x86_64-fedora-clang, r-devel-linux-x86_64-fedora-gcc, r-devel-windows-x86_64, r-patched-linux-x86_64, r-release-linux-x86_64, r-release-macos-arm64, r-release-macos-x86_64, r-release-windows-x86_64, r-oldrel-macos-arm64, r-oldrel-macos-x86_64, r-oldrel-windows-x86_64