Last updated on 2024-06-30 00:59:20 CEST.
Flavor | Version | Tinstall | Tcheck | Ttotal | Status | Flags |
---|---|---|---|---|---|---|
r-devel-linux-x86_64-debian-clang | 4.0.5 | 83.51 | 297.53 | 381.04 | OK | |
r-devel-linux-x86_64-debian-gcc | 4.0.5 | 59.55 | 217.10 | 276.65 | OK | |
r-devel-linux-x86_64-fedora-clang | 4.0.5 | 470.41 | OK | |||
r-devel-linux-x86_64-fedora-gcc | 4.0.5 | 507.34 | OK | |||
r-devel-windows-x86_64 | 4.0.5 | 61.00 | 221.00 | 282.00 | OK | |
r-patched-linux-x86_64 | 4.0.5 | 58.38 | 283.37 | 341.75 | OK | |
r-release-linux-x86_64 | 4.0.5 | 56.68 | 279.06 | 335.74 | OK | |
r-release-macos-arm64 | 4.0.5 | 125.00 | NOTE | |||
r-release-macos-x86_64 | 4.0.5 | 192.00 | NOTE | |||
r-release-windows-x86_64 | 4.0.5 | 62.00 | 226.00 | 288.00 | OK | |
r-oldrel-macos-arm64 | 4.0.5 | 129.00 | NOTE | |||
r-oldrel-macos-x86_64 | 4.0.5 | 314.00 | NOTE | |||
r-oldrel-windows-x86_64 | 4.0.5 | 84.00 | 290.00 | 374.00 | OK |
Version: 4.0.5
Check: installed package size
Result: NOTE
installed size is 21.2Mb
sub-directories of 1Mb or more:
doc 2.8Mb
libs 17.5Mb
Flavors: r-release-macos-arm64, r-release-macos-x86_64, r-oldrel-macos-arm64, r-oldrel-macos-x86_64