Last updated on 2024-06-30 00:59:20 CEST.
Flavor | Version | Tinstall | Tcheck | Ttotal | Status | Flags |
---|---|---|---|---|---|---|
r-devel-linux-x86_64-debian-clang | 0.0.6 | 51.34 | 196.42 | 247.76 | OK | |
r-devel-linux-x86_64-debian-gcc | 0.0.6 | 35.73 | 139.28 | 175.01 | OK | |
r-devel-linux-x86_64-fedora-clang | 0.0.6 | 306.34 | NOTE | |||
r-devel-linux-x86_64-fedora-gcc | 0.0.6 | 300.25 | NOTE | |||
r-devel-windows-x86_64 | 0.0.6 | 41.00 | 190.00 | 231.00 | OK | |
r-patched-linux-x86_64 | 0.0.6 | 45.55 | 183.38 | 228.93 | OK | |
r-release-linux-x86_64 | 0.0.6 | 28.50 | 183.26 | 211.76 | OK | |
r-release-macos-arm64 | 0.0.6 | 85.00 | OK | |||
r-release-macos-x86_64 | 0.0.6 | 248.00 | OK | |||
r-release-windows-x86_64 | 0.0.6 | 41.00 | 197.00 | 238.00 | OK | |
r-oldrel-macos-arm64 | 0.0.6 | 88.00 | OK | |||
r-oldrel-macos-x86_64 | 0.0.6 | 151.00 | OK | |||
r-oldrel-windows-x86_64 | 0.0.6 | 53.00 | 234.00 | 287.00 | OK |
Version: 0.0.6
Check: compiled code
Result: NOTE
File ‘neuroim/libs/neuroim.so’:
Found no calls to: ‘R_registerRoutines’, ‘R_useDynamicSymbols’
It is good practice to register native routines and to disable symbol
search.
See ‘Writing portable packages’ in the ‘Writing R Extensions’ manual.
Flavors: r-devel-linux-x86_64-fedora-clang, r-devel-linux-x86_64-fedora-gcc