Last updated on 2024-06-30 00:59:20 CEST.
Flavor | Version | Tinstall | Tcheck | Ttotal | Status | Flags |
---|---|---|---|---|---|---|
r-devel-linux-x86_64-debian-clang | 0.1.4 | 4.54 | 53.65 | 58.19 | NOTE | |
r-devel-linux-x86_64-debian-gcc | 0.1.4 | 3.45 | 40.32 | 43.77 | NOTE | |
r-devel-linux-x86_64-fedora-clang | 0.1.4 | 73.48 | NOTE | |||
r-devel-linux-x86_64-fedora-gcc | 0.1.4 | 99.95 | NOTE | |||
r-devel-windows-x86_64 | 0.1.4 | 6.00 | 92.00 | 98.00 | NOTE | |
r-patched-linux-x86_64 | 0.1.4 | 4.87 | 50.12 | 54.99 | NOTE | |
r-release-linux-x86_64 | 0.1.4 | 4.05 | 50.27 | 54.32 | NOTE | |
r-release-macos-arm64 | 0.1.4 | 57.00 | NOTE | |||
r-release-macos-x86_64 | 0.1.4 | 98.00 | NOTE | |||
r-release-windows-x86_64 | 0.1.4 | 7.00 | 94.00 | 101.00 | NOTE | |
r-oldrel-macos-arm64 | 0.1.4 | 43.00 | NOTE | |||
r-oldrel-macos-x86_64 | 0.1.4 | 83.00 | NOTE | |||
r-oldrel-windows-x86_64 | 0.1.4 | 5.00 | 98.00 | 103.00 | NOTE |
Version: 0.1.4
Check: LazyData
Result: NOTE
'LazyData' is specified without a 'data' directory
Flavors: r-devel-linux-x86_64-debian-clang, r-devel-linux-x86_64-debian-gcc, r-devel-linux-x86_64-fedora-clang, r-devel-linux-x86_64-fedora-gcc, r-devel-windows-x86_64, r-patched-linux-x86_64, r-release-linux-x86_64, r-release-macos-arm64, r-release-macos-x86_64, r-release-windows-x86_64, r-oldrel-macos-arm64, r-oldrel-macos-x86_64, r-oldrel-windows-x86_64