Last updated on 2024-06-30 00:59:20 CEST.
Flavor | Version | Tinstall | Tcheck | Ttotal | Status | Flags |
---|---|---|---|---|---|---|
r-devel-linux-x86_64-debian-clang | 0.2.5 | 21.53 | 173.50 | 195.03 | NOTE | |
r-devel-linux-x86_64-debian-gcc | 0.2.5 | 15.33 | 126.38 | 141.71 | NOTE | |
r-devel-linux-x86_64-fedora-clang | 0.2.5 | 233.91 | NOTE | |||
r-devel-linux-x86_64-fedora-gcc | 0.2.5 | 247.45 | NOTE | |||
r-devel-windows-x86_64 | 0.2.5 | 18.00 | 135.00 | 153.00 | NOTE | |
r-patched-linux-x86_64 | 0.2.5 | 22.23 | 159.31 | 181.54 | NOTE | |
r-release-linux-x86_64 | 0.2.5 | 16.88 | 158.53 | 175.41 | NOTE | |
r-release-macos-arm64 | 0.2.5 | 72.00 | NOTE | |||
r-release-macos-x86_64 | 0.2.5 | 105.00 | NOTE | |||
r-release-windows-x86_64 | 0.2.5 | 16.00 | 146.00 | 162.00 | NOTE | |
r-oldrel-macos-arm64 | 0.2.5 | 79.00 | OK | |||
r-oldrel-macos-x86_64 | 0.2.5 | 170.00 | OK | |||
r-oldrel-windows-x86_64 | 0.2.5 | 22.00 | 162.00 | 184.00 | OK |
Version: 0.2.5
Check: Rd files
Result: NOTE
checkRd: (-1) postPredSPD.Rd:53: Lost braces in \itemize; \value handles \item{}{} directly
checkRd: (-1) postPredSPD.Rd:54: Lost braces in \itemize; \value handles \item{}{} directly
Flavors: r-devel-linux-x86_64-debian-clang, r-devel-linux-x86_64-debian-gcc, r-devel-linux-x86_64-fedora-clang, r-devel-linux-x86_64-fedora-gcc, r-devel-windows-x86_64, r-patched-linux-x86_64, r-release-linux-x86_64, r-release-macos-arm64, r-release-macos-x86_64, r-release-windows-x86_64