Last updated on 2024-06-30 00:59:20 CEST.
Flavor | Version | Tinstall | Tcheck | Ttotal | Status | Flags |
---|---|---|---|---|---|---|
r-devel-linux-x86_64-debian-clang | 0.3.2 | 7.83 | 63.34 | 71.17 | OK | |
r-devel-linux-x86_64-debian-gcc | 0.3.2 | 5.74 | 46.66 | 52.40 | OK | |
r-devel-linux-x86_64-fedora-clang | 0.3.2 | 88.21 | NOTE | |||
r-devel-linux-x86_64-fedora-gcc | 0.3.2 | 95.43 | NOTE | |||
r-devel-windows-x86_64 | 0.3.2 | 8.00 | 69.00 | 77.00 | OK | |
r-patched-linux-x86_64 | 0.3.2 | 7.31 | 58.29 | 65.60 | OK | |
r-release-linux-x86_64 | 0.3.2 | 4.39 | 60.00 | 64.39 | OK | |
r-release-macos-arm64 | 0.3.2 | 41.00 | OK | |||
r-release-macos-x86_64 | 0.3.2 | 89.00 | OK | |||
r-release-windows-x86_64 | 0.3.2 | 7.00 | 70.00 | 77.00 | OK | |
r-oldrel-macos-arm64 | 0.3.2 | 38.00 | OK | |||
r-oldrel-macos-x86_64 | 0.3.2 | 56.00 | OK | |||
r-oldrel-windows-x86_64 | 0.3.2 | 9.00 | 76.00 | 85.00 | OK |
Version: 0.3.2
Check: data for non-ASCII characters
Result: NOTE
Note: found 4 marked UTF-8 strings
Flavors: r-devel-linux-x86_64-fedora-clang, r-devel-linux-x86_64-fedora-gcc