Last updated on 2024-06-30 00:59:20 CEST.
Flavor | Version | Tinstall | Tcheck | Ttotal | Status | Flags |
---|---|---|---|---|---|---|
r-devel-linux-x86_64-debian-clang | 0.2.8 | 194.60 | 69.31 | 263.91 | OK | |
r-devel-linux-x86_64-debian-gcc | 0.2.8 | 139.23 | 51.01 | 190.24 | OK | |
r-devel-linux-x86_64-fedora-clang | 0.2.8 | 396.65 | OK | |||
r-devel-linux-x86_64-fedora-gcc | 0.2.8 | 442.04 | OK | |||
r-devel-windows-x86_64 | 0.2.8 | 156.00 | 118.00 | 274.00 | OK | |
r-patched-linux-x86_64 | 0.2.8 | 170.48 | 64.68 | 235.16 | OK | |
r-release-linux-x86_64 | 0.2.8 | 167.25 | 65.51 | 232.76 | OK | |
r-release-macos-arm64 | 0.2.8 | 115.00 | NOTE | |||
r-release-macos-x86_64 | 0.2.8 | 164.00 | NOTE | |||
r-release-windows-x86_64 | 0.2.8 | 149.00 | 126.00 | 275.00 | OK | |
r-oldrel-macos-arm64 | 0.2.8 | 106.00 | NOTE | |||
r-oldrel-macos-x86_64 | 0.2.8 | 138.00 | NOTE | |||
r-oldrel-windows-x86_64 | 0.2.8 | 146.00 | 135.00 | 281.00 | OK |
Version: 0.2.8
Check: installed package size
Result: NOTE
installed size is 10.0Mb
sub-directories of 1Mb or more:
libs 9.4Mb
Flavors: r-release-macos-arm64, r-release-macos-x86_64, r-oldrel-macos-arm64, r-oldrel-macos-x86_64