Last updated on 2024-06-30 00:59:20 CEST.
Flavor | Version | Tinstall | Tcheck | Ttotal | Status | Flags |
---|---|---|---|---|---|---|
r-devel-linux-x86_64-debian-clang | 0.4.0 | 4.05 | 54.34 | 58.39 | OK | |
r-devel-linux-x86_64-debian-gcc | 0.4.0 | 2.93 | 40.23 | 43.16 | OK | |
r-devel-linux-x86_64-fedora-clang | 0.4.0 | 73.13 | NOTE | |||
r-devel-linux-x86_64-fedora-gcc | 0.4.0 | 81.13 | NOTE | |||
r-devel-windows-x86_64 | 0.4.0 | 5.00 | 80.00 | 85.00 | OK | |
r-patched-linux-x86_64 | 0.4.0 | 4.30 | 50.63 | 54.93 | OK | |
r-release-linux-x86_64 | 0.4.0 | 2.31 | 52.23 | 54.54 | OK | |
r-release-macos-arm64 | 0.4.0 | 68.00 | OK | |||
r-release-macos-x86_64 | 0.4.0 | 75.00 | OK | |||
r-release-windows-x86_64 | 0.4.0 | 4.00 | 79.00 | 83.00 | OK | |
r-oldrel-macos-arm64 | 0.4.0 | 70.00 | OK | |||
r-oldrel-macos-x86_64 | 0.4.0 | 96.00 | OK | |||
r-oldrel-windows-x86_64 | 0.4.0 | 5.00 | 82.00 | 87.00 | OK |
Version: 0.4.0
Check: data for non-ASCII characters
Result: NOTE
Note: found 4 marked UTF-8 strings
Flavors: r-devel-linux-x86_64-fedora-clang, r-devel-linux-x86_64-fedora-gcc